{"id":18604,"date":"2020-04-23T17:04:40","date_gmt":"2020-04-23T20:04:40","guid":{"rendered":"https:\/\/proad.ufpr.br\/ru\/?page_id=18604"},"modified":"2024-09-03T17:23:03","modified_gmt":"2024-09-03T20:23:03","slug":"descricao-da-qualidade-dos-produtosgeneros","status":"publish","type":"page","link":"https:\/\/proad.ufpr.br\/ru\/descricao-da-qualidade-dos-produtosgeneros\/","title":{"rendered":"Descri\u00e7\u00e3o da Qualidade dos Produtos\/G\u00eaneros"},"content":{"rendered":"\n<figure class=\"wp-block-image size-large\"><a href=\"https:\/\/proad.ufpr.br\/ru\/files\/2022\/02\/logomarca_RU_colorida_horizontal-9.jpg\"><img decoding=\"async\" src=\"https:\/\/proad.ufpr.br\/ru\/files\/2022\/02\/logomarca_RU_colorida_horizontal-9-1024x254.jpg\" alt=\"\" class=\"wp-image-25359\" \/><\/a><\/figure>\n\n\n\n<div data-wp-interactive=\"core\/file\" class=\"wp-block-file\"><object data-wp-bind--hidden=\"!state.hasPdfPreview\" hidden class=\"wp-block-file__embed\" data=\"https:\/\/proad.ufpr.br\/ru\/files\/2024\/09\/Especificacao-Tecnica-Produtos-de-Origem-Animal.pdf\" type=\"application\/pdf\" style=\"width:100%;height:600px\" aria-label=\"Incorporado de Especifica\u00e7\u00e3o T\u00e9cnica - Produtos de Origem Animal.\"><\/object><a id=\"wp-block-file--media-0ebc8223-3e13-4428-b2e1-f1771649c7e2\" href=\"https:\/\/proad.ufpr.br\/ru\/files\/2024\/09\/Especificacao-Tecnica-Produtos-de-Origem-Animal.pdf\">Especifica\u00e7\u00e3o T\u00e9cnica &#8211; Produtos de Origem Animal<\/a><a href=\"https:\/\/proad.ufpr.br\/ru\/files\/2024\/09\/Especificacao-Tecnica-Produtos-de-Origem-Animal.pdf\" class=\"wp-block-file__button wp-element-button\" download aria-describedby=\"wp-block-file--media-0ebc8223-3e13-4428-b2e1-f1771649c7e2\">Baixar<\/a><\/div>\n\n\n\n<p><\/p>\n\n\n\n<p><\/p>\n\n\n\n<div data-wp-interactive=\"core\/file\" class=\"wp-block-file\"><object data-wp-bind--hidden=\"!state.hasPdfPreview\" hidden class=\"wp-block-file__embed\" data=\"https:\/\/proad.ufpr.br\/ru\/files\/2024\/09\/Especificacao-Tecnica-Produtos-Semipereciveis-1.pdf\" type=\"application\/pdf\" style=\"width:100%;height:600px\" aria-label=\"Incorporado de Especifica\u00e7\u00e3o T\u00e9cnica - Produtos Semiperec\u00edveis.\"><\/object><a id=\"wp-block-file--media-c8abc629-dbe1-43b9-9eea-6b933d5ec4ce\" href=\"https:\/\/proad.ufpr.br\/ru\/files\/2024\/09\/Especificacao-Tecnica-Produtos-Semipereciveis-1.pdf\">Especifica\u00e7\u00e3o T\u00e9cnica &#8211; Produtos Semiperec\u00edveis<\/a><a href=\"https:\/\/proad.ufpr.br\/ru\/files\/2024\/09\/Especificacao-Tecnica-Produtos-Semipereciveis-1.pdf\" class=\"wp-block-file__button wp-element-button\" download aria-describedby=\"wp-block-file--media-c8abc629-dbe1-43b9-9eea-6b933d5ec4ce\">Baixar<\/a><\/div>\n\n\n\n<p><\/p>\n\n\n\n<div data-wp-interactive=\"core\/file\" class=\"wp-block-file\"><object data-wp-bind--hidden=\"!state.hasPdfPreview\" hidden class=\"wp-block-file__embed\" data=\"https:\/\/proad.ufpr.br\/ru\/files\/2024\/09\/Especificacao-Tecnica-Hortifrutigranjeiros-1.pdf\" type=\"application\/pdf\" style=\"width:100%;height:600px\" aria-label=\"Incorporado de Especifica\u00e7\u00e3o T\u00e9cnica - Hortifrutigranjeiros.\"><\/object><a id=\"wp-block-file--media-d609f6de-9b2c-4c1c-bd33-8cf7a0d5a2d4\" href=\"https:\/\/proad.ufpr.br\/ru\/files\/2024\/09\/Especificacao-Tecnica-Hortifrutigranjeiros-1.pdf\">Especifica\u00e7\u00e3o T\u00e9cnica &#8211; Hortifrutigranjeiros<\/a><a href=\"https:\/\/proad.ufpr.br\/ru\/files\/2024\/09\/Especificacao-Tecnica-Hortifrutigranjeiros-1.pdf\" class=\"wp-block-file__button wp-element-button\" download aria-describedby=\"wp-block-file--media-d609f6de-9b2c-4c1c-bd33-8cf7a0d5a2d4\">Baixar<\/a><\/div>\n","protected":false},"excerpt":{"rendered":"","protected":false},"author":1759,"featured_media":0,"parent":0,"menu_order":0,"comment_status":"closed","ping_status":"closed","template":"","meta":{"ngg_post_thumbnail":0,"footnotes":""},"class_list":["post-18604","page","type-page","status-publish","hentry"],"_links":{"self":[{"href":"https:\/\/proad.ufpr.br\/ru\/wp-json\/wp\/v2\/pages\/18604","targetHints":{"allow":["GET"]}}],"collection":[{"href":"https:\/\/proad.ufpr.br\/ru\/wp-json\/wp\/v2\/pages"}],"about":[{"href":"https:\/\/proad.ufpr.br\/ru\/wp-json\/wp\/v2\/types\/page"}],"author":[{"embeddable":true,"href":"https:\/\/proad.ufpr.br\/ru\/wp-json\/wp\/v2\/users\/1759"}],"replies":[{"embeddable":true,"href":"https:\/\/proad.ufpr.br\/ru\/wp-json\/wp\/v2\/comments?post=18604"}],"version-history":[{"count":11,"href":"https:\/\/proad.ufpr.br\/ru\/wp-json\/wp\/v2\/pages\/18604\/revisions"}],"predecessor-version":[{"id":51267,"href":"https:\/\/proad.ufpr.br\/ru\/wp-json\/wp\/v2\/pages\/18604\/revisions\/51267"}],"wp:attachment":[{"href":"https:\/\/proad.ufpr.br\/ru\/wp-json\/wp\/v2\/media?parent=18604"}],"curies":[{"name":"wp","href":"https:\/\/api.w.org\/{rel}","templated":true}]}}

Descrição da Qualidade dos Produtos/Gêneros

<figure class="wp-block-image size-large"><a href="https://proad.ufpr.br/ru/files/2022/02/logomarca_RU_colorida_horizontal-9.jpg"><img decoding="async" src="https://proad.ufpr.br/ru/files/2022/02/logomarca_RU_colorida_horizontal-9-1024x254.jpg" alt="" class="wp-image-25359" /></a></figure>



<div data-wp-interactive="core/file" class="wp-block-file"><object data-wp-bind--hidden="!state.hasPdfPreview" hidden class="wp-block-file__embed" data="https://proad.ufpr.br/ru/files/2024/09/Especificacao-Tecnica-Produtos-de-Origem-Animal.pdf" type="application/pdf" style="width:100%;height:600px" aria-label="Incorporado de Especificação Técnica - Produtos de Origem Animal."></object><a id="wp-block-file--media-0ebc8223-3e13-4428-b2e1-f1771649c7e2" href="https://proad.ufpr.br/ru/files/2024/09/Especificacao-Tecnica-Produtos-de-Origem-Animal.pdf">Especificação Técnica &#8211; Produtos de Origem Animal</a><a href="https://proad.ufpr.br/ru/files/2024/09/Especificacao-Tecnica-Produtos-de-Origem-Animal.pdf" class="wp-block-file__button wp-element-button" download aria-describedby="wp-block-file--media-0ebc8223-3e13-4428-b2e1-f1771649c7e2">Baixar</a></div>



<p></p>



<p></p>



<div data-wp-interactive="core/file" class="wp-block-file"><object data-wp-bind--hidden="!state.hasPdfPreview" hidden class="wp-block-file__embed" data="https://proad.ufpr.br/ru/files/2024/09/Especificacao-Tecnica-Produtos-Semipereciveis-1.pdf" type="application/pdf" style="width:100%;height:600px" aria-label="Incorporado de Especificação Técnica - Produtos Semiperecíveis."></object><a id="wp-block-file--media-c8abc629-dbe1-43b9-9eea-6b933d5ec4ce" href="https://proad.ufpr.br/ru/files/2024/09/Especificacao-Tecnica-Produtos-Semipereciveis-1.pdf">Especificação Técnica &#8211; Produtos Semiperecíveis</a><a href="https://proad.ufpr.br/ru/files/2024/09/Especificacao-Tecnica-Produtos-Semipereciveis-1.pdf" class="wp-block-file__button wp-element-button" download aria-describedby="wp-block-file--media-c8abc629-dbe1-43b9-9eea-6b933d5ec4ce">Baixar</a></div>



<p></p>



<div data-wp-interactive="core/file" class="wp-block-file"><object data-wp-bind--hidden="!state.hasPdfPreview" hidden class="wp-block-file__embed" data="https://proad.ufpr.br/ru/files/2024/09/Especificacao-Tecnica-Hortifrutigranjeiros-1.pdf" type="application/pdf" style="width:100%;height:600px" aria-label="Incorporado de Especificação Técnica - Hortifrutigranjeiros."></object><a id="wp-block-file--media-d609f6de-9b2c-4c1c-bd33-8cf7a0d5a2d4" href="https://proad.ufpr.br/ru/files/2024/09/Especificacao-Tecnica-Hortifrutigranjeiros-1.pdf">Especificação Técnica &#8211; Hortifrutigranjeiros</a><a href="https://proad.ufpr.br/ru/files/2024/09/Especificacao-Tecnica-Hortifrutigranjeiros-1.pdf" class="wp-block-file__button wp-element-button" download aria-describedby="wp-block-file--media-d609f6de-9b2c-4c1c-bd33-8cf7a0d5a2d4">Baixar</a></div>
