{"id":8298,"date":"2020-01-23T18:54:52","date_gmt":"2020-01-23T20:54:52","guid":{"rendered":"https:\/\/proad.ufpr.br\/licitacoes\/?page_id=8298"},"modified":"2020-01-23T18:59:18","modified_gmt":"2020-01-23T20:59:18","slug":"memorandos-2020","status":"publish","type":"page","link":"https:\/\/proad.ufpr.br\/licitacoes\/memorandos-2020\/","title":{"rendered":"Memorandos 2020"},"content":{"rendered":"<p>Memorando-circular <a href=\"https:\/\/sei.ufpr.br\/sei\/web\/controlador_externo.php?acao=documento_conferir&amp;id_orgao_acesso_externo=0\" target=\"_blank\" rel=\"noopener\">n.\u00ba 001\/2020 &#8211; DELIC<\/a>\u00a0&#8211;\u00a0informar\u00a0c\u00f3digo verificador\u00a0<b>2428442<\/b>\u00a0e o c\u00f3digo CRC\u00a0<b>88F40C2E<\/b><b>\u00a0<\/b>\u2013 Regulamenta a realiza\u00e7\u00e3o de dispensas de licita\u00e7\u00e3o de pequeno valor (art. 24, I e II da Lei de Licita\u00e7\u00f5es).<\/p>\n","protected":false},"excerpt":{"rendered":"<p>Memorando-circular n.\u00ba 001\/2020 &#8211; DELIC\u00a0&#8211;\u00a0informar\u00a0c\u00f3digo verificador\u00a02428442\u00a0e o c\u00f3digo CRC\u00a088F40C2E\u00a0\u2013 Regulamenta a realiza\u00e7\u00e3o de dispensas de licita\u00e7\u00e3o de pequeno valor (art. 24, I e II da Lei de Licita\u00e7\u00f5es).<\/p>\n","protected":false},"author":11,"featured_media":0,"parent":0,"menu_order":0,"comment_status":"closed","ping_status":"closed","template":"","meta":{"footnotes":""},"class_list":["post-8298","page","type-page","status-publish","hentry"],"_links":{"self":[{"href":"https:\/\/proad.ufpr.br\/licitacoes\/wp-json\/wp\/v2\/pages\/8298","targetHints":{"allow":["GET"]}}],"collection":[{"href":"https:\/\/proad.ufpr.br\/licitacoes\/wp-json\/wp\/v2\/pages"}],"about":[{"href":"https:\/\/proad.ufpr.br\/licitacoes\/wp-json\/wp\/v2\/types\/page"}],"author":[{"embeddable":true,"href":"https:\/\/proad.ufpr.br\/licitacoes\/wp-json\/wp\/v2\/users\/11"}],"replies":[{"embeddable":true,"href":"https:\/\/proad.ufpr.br\/licitacoes\/wp-json\/wp\/v2\/comments?post=8298"}],"version-history":[{"count":4,"href":"https:\/\/proad.ufpr.br\/licitacoes\/wp-json\/wp\/v2\/pages\/8298\/revisions"}],"predecessor-version":[{"id":8313,"href":"https:\/\/proad.ufpr.br\/licitacoes\/wp-json\/wp\/v2\/pages\/8298\/revisions\/8313"}],"wp:attachment":[{"href":"https:\/\/proad.ufpr.br\/licitacoes\/wp-json\/wp\/v2\/media?parent=8298"}],"curies":[{"name":"wp","href":"https:\/\/api.w.org\/{rel}","templated":true}]}}