{"id":323,"date":"2017-10-02T15:38:22","date_gmt":"2017-10-02T18:38:22","guid":{"rendered":"https:\/\/proad.ufpr.br\/licitacoes\/?page_id=323"},"modified":"2026-04-15T14:39:34","modified_gmt":"2026-04-15T17:39:34","slug":"pregoes-vigentes","status":"publish","type":"page","link":"https:\/\/proad.ufpr.br\/licitacoes\/upcl\/pregoes-vigentes\/","title":{"rendered":"PREG\u00d5ES VIGENTES"},"content":{"rendered":"<div class=\"titulo_post\">A lista est\u00e1 ordenada segundo a ordem alfab\u00e9tica dos objetos.<\/div>\n<div class=\"titulo_post\"><strong>Importante: para instru\u00e7\u00e3o de processos de \u201cCarona\u201d, consulte a<a href=\"https:\/\/sei.ufpr.br\/sei\/web\/controlador_externo.php?acao=documento_conferir&amp;codigo_verificador=6576726&amp;codigo_crc=6C11AC2C&amp;hash_download=0a44704976a0f9b5a1c5de57300bdabc36e17d6846d2516085d7edbe162b1a92eb34d1623e604206b51ded4a020ef6d5f5bd04069c64a8a903b02ae6fdedf748&amp;visualizacao=1&amp;id_orgao_acesso_externo=0\" target=\"_blank\" rel=\"noopener\"> Instru\u00e7\u00e3o Normativa CLIC\/PRA n\u00ba 01\/2024<\/a><\/strong><\/div>\n<div>Os processos para pedido de autoriza\u00e7\u00e3o para empenho devem ser enviados para a caixa SEI: <strong>PROAD\/CLIC\/UPCL<\/strong><\/div>\n<div>\u00a0<\/div>\n<div>\u00a8<\/div>\n<ul>\n<li><strong>Agenciamento de passagens a\u00e9reas e terrestres, nacionais e internacionais &#8211; Preg\u00e3o 153\/2022<\/strong>\n<ul>\n<li>Vig\u00eancia do Contrato &#8211; 03\/02\/2023 a 03\/02\/2027<\/li>\n<li><a href=\"https:\/\/docs.google.com\/spreadsheets\/d\/1XfRrhHpCy9ztUs761_7Le8nza5sRJdbwner5M8mFQiA\/edit#gid=1236980323&amp;range=A1\" target=\"_blank\" rel=\"noopener\">Itens do Preg\u00e3o<\/a><\/li>\n<\/ul>\n<\/li>\n<\/ul>\n<ul>\n<li><strong>\u00c1gua \u2013 Preg\u00e3o 90.023\/2025\u00a0<\/strong>\n<ul>\n<li>Vig\u00eancia da Ata de Registro de Pre\u00e7os \u201323\/07\/2025 a 23\/07\/2026<\/li>\n<li><a href=\"https:\/\/docs.google.com\/spreadsheets\/d\/10SK4S0LdxX8cJTDQByVA_eEnfivllp_GhQp29fjpLA4\/edit?gid=0#gid=0\" target=\"_blank\" rel=\"noopener\">Itens do Preg\u00e3o<\/a><\/li>\n<\/ul>\n<\/li>\n<\/ul>\n<ul>\n<li><strong>Alimenta\u00e7\u00e3o para Eventos (uso exclusivo para a Feira de Cursos e Profiss\u00f5es e Eventos no CETREFA \u2013 Preg\u00e3o 90.013\/2025\u00a0<\/strong>\n<ul>\n<li>Vig\u00eancia da Ata de Registro de Pre\u00e7os \u201308\/05\/2025 a 08\/05\/2026<\/li>\n<li><a href=\"https:\/\/docs.google.com\/spreadsheets\/d\/1XfRrhHpCy9ztUs761_7Le8nza5sRJdbwner5M8mFQiA\/edit?gid=1456435410#gid=1456435410\" target=\"_blank\" rel=\"noopener\">Itens do Preg\u00e3o<\/a><\/li>\n<\/ul>\n<\/li>\n<\/ul>\n<ul>\n<li><strong>\u00c1udio e V\u00eddeo &#8211;\u00a0<\/strong><strong>Preg\u00e3o 90.101\/2024<\/strong>\n<ul>\n<li>Vig\u00eancia da Ata de Registro de Pre\u00e7os &#8211; 17\/04\/2025 a 17\/04\/2026<\/li>\n<li><a href=\"https:\/\/docs.google.com\/spreadsheets\/d\/1bygL_YFuv87BjVFpRxi88lLjKZQ44V9Lov5WFLEiL_w\/edit?gid=830245056#gid=830245056\" target=\"_blank\" rel=\"noopener\">Itens do Preg\u00e3o<\/a><\/li>\n<\/ul>\n<\/li>\n<\/ul>\n<ul>\n<li><strong>Aulas de Campo 2026 \u2013 Preg\u00e3o 90.080\/2025<\/strong>\n<ul>\n<li>Vig\u00eancia da Ata de Registro de Pre\u00e7os: 18\/03\/2026 a 18\/03\/2027<\/li>\n<li><a href=\"https:\/\/docs.google.com\/spreadsheets\/d\/1XfRrhHpCy9ztUs761_7Le8nza5sRJdbwner5M8mFQiA\/edit?gid=945069476#gid=945069476\" target=\"_blank\" rel=\"noopener\">Itens do Preg\u00e3o<\/a><\/li>\n<\/ul>\n<\/li>\n<\/ul>\n<ul>\n<li><strong>Camisetas &#8211; Preg\u00e3o 90.073\/2025<\/strong>\n<ul>\n<li>Vig\u00eancia da Ata de Registro de Pre\u00e7os: 27\/03\/2026 a 27\/03\/2027 e 14\/04\/2026 a 14\/04\/2027<\/li>\n<li><a href=\"https:\/\/docs.google.com\/spreadsheets\/d\/10SK4S0LdxX8cJTDQByVA_eEnfivllp_GhQp29fjpLA4\/edit?gid=2024635161#gid=2024635161\" target=\"_blank\" rel=\"noopener\">Itens do Preg\u00e3o<\/a><\/li>\n<\/ul>\n<\/li>\n<\/ul>\n<ul>\n<li><strong>Chaveiro \u2013 Preg\u00e3o 90.028\/2024<\/strong>\n<ul>\n<li>Vig\u00eancia da Ata de Registro de Pre\u00e7os: 03\/07\/2024 a 03\/07\/2026 (aditivo)<\/li>\n<li><a href=\"https:\/\/docs.google.com\/spreadsheets\/d\/1XfRrhHpCy9ztUs761_7Le8nza5sRJdbwner5M8mFQiA\/edit?gid=1042270607#gid=1042270607\" target=\"_blank\" rel=\"noopener\">Itens do Preg\u00e3o<\/a><\/li>\n<\/ul>\n<\/li>\n<\/ul>\n<ul>\n<li><strong><em>Coffee break<\/em> 2025\u00a0<\/strong><strong>Preg\u00e3o 90.117\/2024<\/strong>\n<ul>\n<li style=\"list-style-type: none\">\n<ul>\n<li>Vig\u00eancia da Ata de Registro de Pre\u00e7os: Encerrada (Novo processo em andamento)<\/li>\n<\/ul>\n<\/li>\n<\/ul>\n<\/li>\n<\/ul>\n<ul>\n<li><strong>Computadores &#8211; <\/strong><strong>Preg\u00e3o 90.035\/2025<\/strong>\n<ul>\n<li>Vig\u00eancia da Ata de Registro de Pre\u00e7os: 13\/11\/2025 a 13\/11\/2026 (item 02)<\/li>\n<li><a href=\"https:\/\/docs.google.com\/spreadsheets\/d\/1FAcKlOx4ty51e3Vm7IwDxamuWLaBusCtRv-l2jqXU10\/edit?pli=1&amp;gid=1523276868#gid=1523276868\" target=\"_blank\" rel=\"noopener\">Itens do Preg\u00e3o<\/a><\/li>\n<\/ul>\n<\/li>\n<\/ul>\n<ul>\n<li><strong>Eletrodom\u00e9sticos e equipamentos diversos \u2013 Preg\u00e3o 90.007\/2025<\/strong>\n<ul>\n<li>Vig\u00eancia da Ata de Registro de Pre\u00e7os: &#8211; 29\/07\/2025 a 29\/07\/2026<\/li>\n<li><a href=\"https:\/\/docs.google.com\/spreadsheets\/d\/1bygL_YFuv87BjVFpRxi88lLjKZQ44V9Lov5WFLEiL_w\/edit?gid=158222083#gid=158222083\" target=\"_blank\" rel=\"noopener\">Itens do Preg\u00e3o<\/a><\/li>\n<\/ul>\n<\/li>\n<\/ul>\n<ul>\n<li><strong>Equipamentos de Laborat\u00f3rio\u00a0 \u2013 Preg\u00e3o 90.045\/2025<\/strong>\n<ul>\n<li>Vig\u00eancia da Ata de Registro de Pre\u00e7os: 19\/02\/2026 a 19\/02\/2026 e de 24\/02\/2026 a 24\/02\/2027<\/li>\n<li><a href=\"https:\/\/docs.google.com\/spreadsheets\/d\/1bygL_YFuv87BjVFpRxi88lLjKZQ44V9Lov5WFLEiL_w\/edit?gid=1246559571#gid=1246559571\" target=\"_blank\" rel=\"noopener\">Itens do Preg\u00e3o<\/a><\/li>\n<\/ul>\n<\/li>\n<\/ul>\n<ul>\n<li><strong>Equipamentos de Prote\u00e7\u00e3o Individual &#8211; Preg\u00e3o 90.092\/2024<\/strong>\n<ul>\n<li style=\"list-style-type: none\">\n<ul>\n<li>Vig\u00eancia da Ata de Registro de Pre\u00e7os: Encerrada (Novo processo em andamento)<\/li>\n<\/ul>\n<\/li>\n<\/ul>\n<\/li>\n<\/ul>\n<ul>\n<li><strong>Lavanderia &#8211; Preg\u00e3o 90.018\/2025<\/strong>\n<ul>\n<li>Vig\u00eancia da Ata de Registro de Pre\u00e7os: 15\/07\/2025 a 15\/07\/2027 (prorrogada a vig\u00eancia)<\/li>\n<li><a href=\"https:\/\/docs.google.com\/spreadsheets\/d\/1XfRrhHpCy9ztUs761_7Le8nza5sRJdbwner5M8mFQiA\/edit?gid=1068147983#gid=1068147983\" target=\"_blank\" rel=\"noopener\">Itens do Preg\u00e3o<\/a><\/li>\n<\/ul>\n<\/li>\n<\/ul>\n<ul>\n<li><strong>Licen\u00e7as Adobe &#8211; Preg\u00e3o 90.026\/2025<\/strong>\n<ul>\n<li>Vig\u00eancia da Ata de Registro de Pre\u00e7os &#8211; 29\/09\/2025 a 29\/09\/2026<\/li>\n<li><a href=\"https:\/\/docs.google.com\/spreadsheets\/d\/1FAcKlOx4ty51e3Vm7IwDxamuWLaBusCtRv-l2jqXU10\/edit?pli=1&amp;gid=1451474116#gid=1451474116\" target=\"_blank\" rel=\"noopener\">Itens do Preg\u00e3o<\/a><\/li>\n<\/ul>\n<\/li>\n<\/ul>\n<ul>\n<li><strong>Licen\u00e7as Microsoft &#8211; Preg\u00e3o 90.055\/2025<\/strong>\n<ul>\n<li>Vig\u00eancia da Ata de Registro de Pre\u00e7os &#8211; 10\/11\/2025 a 10\/11\/2026<\/li>\n<li><a href=\"https:\/\/docs.google.com\/spreadsheets\/d\/1FAcKlOx4ty51e3Vm7IwDxamuWLaBusCtRv-l2jqXU10\/edit?pli=1&amp;gid=944478777#gid=944478777\" target=\"_blank\" rel=\"noopener\">Itens do Preg\u00e3o<\/a><\/li>\n<\/ul>\n<\/li>\n<\/ul>\n<ul>\n<li><strong>Loca\u00e7\u00e3o de estandes, tendas, mobili\u00e1rio, banheiros qu\u00edmicos, equipamentos de sonoriza\u00e7\u00e3o e ilumina\u00e7\u00e3o para eventos &#8211;\u00a0<\/strong><strong>Preg\u00e3o 90.068\/2024<\/strong>\n<ul>\n<li>Vig\u00eancia da Ata de Registro de Pre\u00e7os: 23\/01\/2025 a 24\/01\/2027 -prorroga\u00e7\u00e3o das atas 23\/2025, 26\/2025 e 27\/2025<\/li>\n<li><a href=\"https:\/\/docs.google.com\/spreadsheets\/d\/1XfRrhHpCy9ztUs761_7Le8nza5sRJdbwner5M8mFQiA\/edit#gid=2039097497\" target=\"_blank\" rel=\"noopener\">Itens do Preg\u00e3o<\/a><\/li>\n<\/ul>\n<\/li>\n<\/ul>\n<ul>\n<li><strong>Materiais de consumo de uso geral, L\u00e2mpadas especiais, Ferramentas e Carimbos &#8211; Preg\u00e3o 90.061\/2024<\/strong>\n<ul>\n<li>Vig\u00eancia da Ata de Registro de Pre\u00e7os: Encerrada (Novo processo em andamento)<\/li>\n<\/ul>\n<\/li>\n<\/ul>\n<ul>\n<li><strong>Materiais de consumo hospitalar (parte 1) &#8211; Preg\u00e3o 90.028\/2025<\/strong>\n<ul>\n<li>Vig\u00eancia da Ata de Registro de Pre\u00e7os: 07\/02\/2026 a 07\/02\/2027<\/li>\n<li><a href=\"https:\/\/docs.google.com\/spreadsheets\/d\/10SK4S0LdxX8cJTDQByVA_eEnfivllp_GhQp29fjpLA4\/edit?gid=895566607#gid=895566607\" target=\"_blank\" rel=\"noopener\">Itens do Preg\u00e3o<\/a><\/li>\n<\/ul>\n<\/li>\n<\/ul>\n<ul>\n<li><strong>Materiais de consumo hospitalar (parte 2) &#8211; Preg\u00e3o 90.057\/2024<\/strong>\n<ul>\n<li>Vig\u00eancia da Ata de Registro de Pre\u00e7os: Encerrada (Novo processo em andamento)<\/li>\n<\/ul>\n<\/li>\n<\/ul>\n<ul>\n<li><strong>Materiais de consumo hospitalar (parte 3) &#8211; Preg\u00e3o 90.058\/2024<\/strong>\n<ul>\n<li>Vig\u00eancia da Ata de Registro de Pre\u00e7os: Encerrada (Novo processo em andamento)<\/li>\n<\/ul>\n<\/li>\n<\/ul>\n<ul>\n<li><strong>Material de consumo hospitalar (Remanescentes) &#8211; Preg\u00e3o 90.008\/2025<\/strong>\n<ul>\n<li>Vig\u00eancia da Ata de Registro de Pre\u00e7os: 26\/05\/2025 a 26\/05\/2026<\/li>\n<li><a href=\"https:\/\/docs.google.com\/spreadsheets\/d\/10SK4S0LdxX8cJTDQByVA_eEnfivllp_GhQp29fjpLA4\/edit?gid=1753422449#gid=1753422449\" target=\"_blank\" rel=\"noopener\">Itens do Preg\u00e3o<\/a><\/li>\n<\/ul>\n<\/li>\n<\/ul>\n<ul>\n<li><strong>Materiais de consumo laboratorial (parte 1) &#8211; Preg\u00e3o 90.095\/2024<\/strong>\n<ul>\n<li>Vig\u00eancia da Ata de Registro de Pre\u00e7os: Encerrada (Novo processo em andamento)<\/li>\n<\/ul>\n<\/li>\n<\/ul>\n<ul>\n<li><strong>Materiais de consumo laboratorial (parte 2) &#8211; Preg\u00e3o 90.096\/2024<\/strong>\n<ul>\n<li style=\"list-style-type: none\">\n<ul>\n<li>Vig\u00eancia da Ata de Registro de Pre\u00e7os: Encerrada (Novo processo em andamento)<\/li>\n<\/ul>\n<\/li>\n<\/ul>\n<\/li>\n<\/ul>\n<ul>\n<li><strong>Materiais de consumo laboratorial (parte 3) &#8211; Preg\u00e3o 90.105\/2024<\/strong>\n<ul>\n<li style=\"list-style-type: none\">\n<ul>\n<li>Vig\u00eancia da Ata de Registro de Pre\u00e7os: Encerrada (Novo processo em andamento)<\/li>\n<\/ul>\n<\/li>\n<\/ul>\n<\/li>\n<\/ul>\n<ul>\n<li><strong>Material de consumo de Tecnologia da Informa\u00e7\u00e3o &#8211;\u00a0<\/strong><strong>Preg\u00e3o 90.115\/2024<\/strong>\n<ul>\n<li style=\"list-style-type: none\">\n<ul>\n<li>Vig\u00eancia da Ata de Registro de Pre\u00e7os: Encerrada (Novo processo em andamento)<\/li>\n<\/ul>\n<\/li>\n<\/ul>\n<\/li>\n<\/ul>\n<ul>\n<li><strong>Material de consumo de Tecnologia da Informa\u00e7\u00e3o (<span class=\"ui-provider gs bdf bby bdg bdh bdi bdj bdk bdl bdm bdn bdo bdp bdq bdr bds bdt bdu bdv bdw bdx bdy bdz bea beb bec bed bee bef beg beh bei bej bek bel\" dir=\"ltr\">fonte, disco, placa de rede, mem\u00f3ria e cabos<\/span>) &#8211; <\/strong><strong>Preg\u00e3o 90.014\/2025<\/strong>\n<ul>\n<li>Vig\u00eancia da Ata de Registro de Pre\u00e7os: 02\/09\/2025 a 02\/09\/2026 e de 03\/11\/2025 a 03\/11\/2026 (itens 03 e 06)<\/li>\n<li><a href=\"https:\/\/docs.google.com\/spreadsheets\/d\/1FAcKlOx4ty51e3Vm7IwDxamuWLaBusCtRv-l2jqXU10\/edit?gid=217635681#gid=217635681\" target=\"_blank\" rel=\"noopener\">Itens do Preg\u00e3o<\/a><\/li>\n<\/ul>\n<\/li>\n<\/ul>\n<ul>\n<li><strong>Materiais Gr\u00e1ficos &#8211; Preg\u00e3o 90.044\/2025<\/strong>\n<ul>\n<li>Vig\u00eancia da Ata de Registro de Pre\u00e7os: 27\/10\/2025 a 27\/10\/2026<\/li>\n<li><a href=\"https:\/\/docs.google.com\/spreadsheets\/d\/10SK4S0LdxX8cJTDQByVA_eEnfivllp_GhQp29fjpLA4\/edit?gid=1836390021#gid=1836390021\" target=\"_blank\" rel=\"noopener\">Itens do Preg\u00e3o<\/a><\/li>\n<\/ul>\n<\/li>\n<\/ul>\n<ul>\n<li><strong>M\u00f3veis &#8211; Preg\u00e3o 90.031\/2025<\/strong>\n<ul>\n<li>Vig\u00eancia da Ata de Registro de Pre\u00e7os: 10\/11\/2025 a 10\/11\/2026<\/li>\n<li><a href=\"https:\/\/docs.google.com\/spreadsheets\/d\/1bygL_YFuv87BjVFpRxi88lLjKZQ44V9Lov5WFLEiL_w\/edit?gid=1588465508#gid=1588465508\" target=\"_blank\" rel=\"noopener\">Itens do Preg\u00e3o<\/a><\/li>\n<\/ul>\n<\/li>\n<\/ul>\n<ul>\n<li><strong>Pel\u00edculas de Prote\u00e7\u00e3o Solar para vidros 2025 &#8211; Preg\u00e3o 90.098\/2024<\/strong>\n<ul>\n<li style=\"list-style-type: none\">\n<ul>\n<li>Vig\u00eancia da Ata de Registro de Pre\u00e7os: Encerrada (Novo processo em andamento)<\/li>\n<\/ul>\n<\/li>\n<\/ul>\n<\/li>\n<\/ul>\n<ul>\n<li><strong>Persianas e Capachos &#8211; Preg\u00e3o 90.022\/2025<\/strong>\n<ul>\n<li>Vig\u00eancia da Ata de Registro de Pre\u00e7os: 14\/10\/2025 a 14\/10\/2026<\/li>\n<li><a href=\"https:\/\/docs.google.com\/spreadsheets\/d\/10SK4S0LdxX8cJTDQByVA_eEnfivllp_GhQp29fjpLA4\/edit?gid=740166414#gid=740166414\" target=\"_blank\" rel=\"noopener\">Itens do Preg\u00e3o<\/a><\/li>\n<\/ul>\n<\/li>\n<\/ul>\n<ul>\n<li><strong>Reagentes Qu\u00edmicos (Parte 01) &#8211; Reagentes Controlados &#8211; Preg\u00e3o 90.040\/2025<\/strong>\n<ul>\n<li>Vig\u00eancia da Ata de Registro de Pre\u00e7os: 28\/10\/2025 a 28\/10\/2026<\/li>\n<li><a href=\"https:\/\/docs.google.com\/spreadsheets\/d\/1uqbN4nryK2duvjhlpSG5ceM3bxYyLjYqX4TVfSeQp0U\/edit?gid=692990140#gid=692990140\" target=\"_blank\" rel=\"noopener\">Itens do Preg\u00e3o<\/a><\/li>\n<\/ul>\n<\/li>\n<\/ul>\n<ul>\n<li><strong>Reagentes Qu\u00edmicos (Parte 02) &#8211; Reagentes N\u00e3o Controlados &#8211; Preg\u00e3o 90.074\/2024<\/strong>\n<ul>\n<li style=\"list-style-type: none\">\n<ul>\n<li>Vig\u00eancia da Ata de Registro de Pre\u00e7os: Encerrada (Novo processo em andamento)<\/li>\n<\/ul>\n<\/li>\n<\/ul>\n<\/li>\n<\/ul>\n<ul>\n<li><strong>Reagentes Qu\u00edmicos (Parte 03) &#8211; Reagentes N\u00e3o Controlados &#8211; Preg\u00e3o 90.097\/2024<\/strong>\n<ul>\n<li style=\"list-style-type: none\">\n<ul>\n<li>Vig\u00eancia da Ata de Registro de Pre\u00e7os: Encerrada (Novo processo em andamento)<\/li>\n<\/ul>\n<\/li>\n<\/ul>\n<\/li>\n<\/ul>\n<ul>\n<li><strong>Servi\u00e7os de Vigil\u00e2ncia, Limpeza e Brigadista para eventos &#8211; Preg\u00e3o gerenciado pela CAAST\/PROAD &#8211; Preg\u00e3o 90.046\/2025<\/strong>\n<ul>\n<li>Vig\u00eancia da Ata de Registro de Pre\u00e7os &#8211; 01\/12\/2025 a 01\/12\/2026<\/li>\n<li><a href=\"https:\/\/docs.google.com\/spreadsheets\/d\/1XfRrhHpCy9ztUs761_7Le8nza5sRJdbwner5M8mFQiA\/edit?gid=1869833882#gid=1869833882\" target=\"_blank\" rel=\"noopener\">Itens do Preg\u00e3o<\/a><\/li>\n<\/ul>\n<\/li>\n<\/ul>\n<ul>\n<li><strong>Vidrarias para laborat\u00f3rio (parte 1- 2025) &#8211; Preg\u00e3o 90.037\/2025<\/strong>\n<ul>\n<li>Vig\u00eancia da Ata de Registro de Pre\u00e7os &#8211; 03\/11\/2025 a 03\/11\/2026<\/li>\n<li><a href=\"https:\/\/docs.google.com\/spreadsheets\/d\/1uqbN4nryK2duvjhlpSG5ceM3bxYyLjYqX4TVfSeQp0U\/edit?gid=1134438955#gid=1134438955\" target=\"_blank\" rel=\"noopener\">Itens do Preg\u00e3o<\/a><\/li>\n<\/ul>\n<\/li>\n<\/ul>\n<ul>\n<li><strong>Vidrarias para laborat\u00f3rio (parte 2) &#8211; preg\u00e3o 90.042\/2025<\/strong>\n<ul>\n<li>Vig\u00eancia da Ata de Registro de Pre\u00e7os &#8211; 24\/01\/2026 a 24\/01\/2027 e de 31\/01\/2026 a 31\/01\/2027<\/li>\n<li><a href=\"https:\/\/docs.google.com\/spreadsheets\/d\/1uqbN4nryK2duvjhlpSG5ceM3bxYyLjYqX4TVfSeQp0U\/edit?gid=777339032#gid=777339032\" target=\"_blank\" rel=\"noopener\">Itens do Preg\u00e3o<\/a><\/li>\n<\/ul>\n<\/li>\n<\/ul>\n<ul>\n<li><strong>Vidrarias para laborat\u00f3rio (parte 3) &#8211; Preg\u00e3o 90.114\/2024<\/strong>\n<ul>\n<li style=\"list-style-type: none\">\n<ul>\n<li>Vig\u00eancia da Ata de Registro de Pre\u00e7os: Encerrada (Novo processo em andamento)<\/li>\n<\/ul>\n<\/li>\n<\/ul>\n<\/li>\n<\/ul>\n<div>\u00a0<\/div>\n\n\n<p><\/p>\n","protected":false},"excerpt":{"rendered":"<p>A lista est\u00e1 ordenada segundo a ordem alfab\u00e9tica dos objetos. Importante: para instru\u00e7\u00e3o de processos de \u201cCarona\u201d, consulte a Instru\u00e7\u00e3o Normativa CLIC\/PRA n\u00ba 01\/2024 Os processos para pedido de autoriza\u00e7\u00e3o para empenho devem ser enviados para a caixa SEI: PROAD\/CLIC\/UPCL \u00a0 \u00a8 Agenciamento de passagens a\u00e9reas e terrestres, nacionais e internacionais &#8211; Preg\u00e3o 153\/2022 Vig\u00eancia [&hellip;]<\/p>\n","protected":false},"author":1759,"featured_media":0,"parent":313,"menu_order":0,"comment_status":"closed","ping_status":"closed","template":"","meta":{"footnotes":""},"class_list":["post-323","page","type-page","status-publish","hentry"],"_links":{"self":[{"href":"https:\/\/proad.ufpr.br\/licitacoes\/wp-json\/wp\/v2\/pages\/323","targetHints":{"allow":["GET"]}}],"collection":[{"href":"https:\/\/proad.ufpr.br\/licitacoes\/wp-json\/wp\/v2\/pages"}],"about":[{"href":"https:\/\/proad.ufpr.br\/licitacoes\/wp-json\/wp\/v2\/types\/page"}],"author":[{"embeddable":true,"href":"https:\/\/proad.ufpr.br\/licitacoes\/wp-json\/wp\/v2\/users\/1759"}],"replies":[{"embeddable":true,"href":"https:\/\/proad.ufpr.br\/licitacoes\/wp-json\/wp\/v2\/comments?post=323"}],"version-history":[{"count":427,"href":"https:\/\/proad.ufpr.br\/licitacoes\/wp-json\/wp\/v2\/pages\/323\/revisions"}],"predecessor-version":[{"id":18318,"href":"https:\/\/proad.ufpr.br\/licitacoes\/wp-json\/wp\/v2\/pages\/323\/revisions\/18318"}],"up":[{"embeddable":true,"href":"https:\/\/proad.ufpr.br\/licitacoes\/wp-json\/wp\/v2\/pages\/313"}],"wp:attachment":[{"href":"https:\/\/proad.ufpr.br\/licitacoes\/wp-json\/wp\/v2\/media?parent=323"}],"curies":[{"name":"wp","href":"https:\/\/api.w.org\/{rel}","templated":true}]}}