{"id":321,"date":"2017-10-02T15:37:48","date_gmt":"2017-10-02T18:37:48","guid":{"rendered":"https:\/\/proad.ufpr.br\/licitacoes\/?page_id=321"},"modified":"2023-03-17T18:16:54","modified_gmt":"2023-03-17T21:16:54","slug":"manual-de-compras","status":"publish","type":"page","link":"https:\/\/proad.ufpr.br\/licitacoes\/manual-de-compras\/","title":{"rendered":"MANUAL DE COMPRAS"},"content":{"rendered":"<p>O Manual de Compras sofreu revis\u00e3o em abril de 2019 (clique sobre a imagem para visualizar o conte\u00fado), visando a acompanhar as mudan\u00e7as recentes na legisla\u00e7\u00e3o e normas externas:<\/p>\n<div id=\"attachment_770\" style=\"width: 223px\" class=\"wp-caption aligncenter\"><a href=\"https:\/\/proad.ufpr.br\/licitacoes\/files\/2019\/08\/MC_2019.pdf\" target=\"_blank\" rel=\"noopener\"><img loading=\"lazy\" decoding=\"async\" aria-describedby=\"caption-attachment-770\" class=\"wp-image-770 size-medium\" src=\"https:\/\/proad.ufpr.br\/licitacoes\/files\/2017\/11\/capa_MC2017-213x300.png\" alt=\"\" width=\"213\" height=\"300\"><\/a><p id=\"caption-attachment-770\" class=\"wp-caption-text\"><a href=\"https:\/\/proad.ufpr.br\/licitacoes\/files\/2019\/08\/MC_2019.pdf\" target=\"_blank\" rel=\"noopener\">Novo Manual de Compras da UFPR <\/a>&#8211; publicado em nov\/17, edi\u00e7\u00e3o <span style=\"color: #ff0000\"><strong>revisada em abr\/19<\/strong><\/span>.<\/p><\/div>\n<p>Dentre as principais altera\u00e7\u00f5es, destacamos:<\/p>\n<ul>\n<li>Inclus\u00e3o de se\u00e7\u00e3o com orienta\u00e7\u00f5es sobre o agrupamento de itens em lotes na licita\u00e7\u00e3o;<\/li>\n<li>Inclus\u00e3o de orienta\u00e7\u00e3o sobre a decis\u00e3o do tipo de objeto a licitar (material ou servi\u00e7o);<\/li>\n<li>Altera\u00e7\u00e3o na orienta\u00e7\u00e3o para realiza\u00e7\u00e3o de pesquisa de pre\u00e7os;<\/li>\n<li>Inclus\u00e3o de normativa sobre o Plano Anual de Contrata\u00e7\u00f5es;<\/li>\n<li>Revis\u00e3o das Ordens de Servi\u00e7o da PRA sobre aquisi\u00e7\u00f5es de materiais e contrata\u00e7\u00f5es de servi\u00e7os;<\/li>\n<li>Altera\u00e7\u00f5es nos modelos de planilha de c\u00e1lculo do custo m\u00e9dio, declara\u00e7\u00e3o de pesquisa de pre\u00e7os e termo de refer\u00eancia;<\/li>\n<li>Altera\u00e7\u00e3o na normatiza\u00e7\u00e3o sobre dispensa e inexigibilidade de licita\u00e7\u00e3o;<\/li>\n<li>Inclus\u00e3o de normativa sobre a apura\u00e7\u00e3o de responsabilidade dos fornecedores.<\/li>\n<\/ul>\n<p>A equipe da UPCL est\u00e1 preparando fasc\u00edculos direcionados a cada assunto tratado no Manual, visando a proporcionar uma refer\u00eancia r\u00e1pida para as unidades interessadas.<\/p>\n<p>Os modelos de documentos est\u00e3o sendo atualizados no SEI e a planilha de c\u00e1lculo do custo m\u00e9dio poder\u00e1 ser acessada <a href=\"https:\/\/proad.ufpr.br\/licitacoes\/files\/2019\/04\/Pre\u00e7o-de-refer\u00eancia_MC-2019.xlsx\">aqui<\/a>&nbsp;(formato *.xlsx) com as f\u00f3rmulas que atendem \u00e0s Ordens de Servi\u00e7o 03 e 04\/2019-PRA.<\/p>\n<p>Ainda ficou com alguma d\u00favida ou encontrou algum erro no Manual? Entre em contato conosco atrav\u00e9s do e-mail compras@ufpr.br.<\/p>\n","protected":false},"excerpt":{"rendered":"<p>O Manual de Compras sofreu revis\u00e3o em abril de 2019 (clique sobre a imagem para visualizar o conte\u00fado), visando a acompanhar as mudan\u00e7as recentes na legisla\u00e7\u00e3o e normas externas: Dentre as principais altera\u00e7\u00f5es, destacamos: Inclus\u00e3o de se\u00e7\u00e3o com orienta\u00e7\u00f5es sobre o agrupamento de itens em lotes na licita\u00e7\u00e3o; Inclus\u00e3o de orienta\u00e7\u00e3o sobre a decis\u00e3o do [&hellip;]<\/p>\n","protected":false},"author":1759,"featured_media":0,"parent":0,"menu_order":0,"comment_status":"closed","ping_status":"closed","template":"","meta":{"footnotes":""},"class_list":["post-321","page","type-page","status-publish","hentry"],"_links":{"self":[{"href":"https:\/\/proad.ufpr.br\/licitacoes\/wp-json\/wp\/v2\/pages\/321","targetHints":{"allow":["GET"]}}],"collection":[{"href":"https:\/\/proad.ufpr.br\/licitacoes\/wp-json\/wp\/v2\/pages"}],"about":[{"href":"https:\/\/proad.ufpr.br\/licitacoes\/wp-json\/wp\/v2\/types\/page"}],"author":[{"embeddable":true,"href":"https:\/\/proad.ufpr.br\/licitacoes\/wp-json\/wp\/v2\/users\/1759"}],"replies":[{"embeddable":true,"href":"https:\/\/proad.ufpr.br\/licitacoes\/wp-json\/wp\/v2\/comments?post=321"}],"version-history":[{"count":11,"href":"https:\/\/proad.ufpr.br\/licitacoes\/wp-json\/wp\/v2\/pages\/321\/revisions"}],"predecessor-version":[{"id":14430,"href":"https:\/\/proad.ufpr.br\/licitacoes\/wp-json\/wp\/v2\/pages\/321\/revisions\/14430"}],"wp:attachment":[{"href":"https:\/\/proad.ufpr.br\/licitacoes\/wp-json\/wp\/v2\/media?parent=321"}],"curies":[{"name":"wp","href":"https:\/\/api.w.org\/{rel}","templated":true}]}}