{"id":14066,"date":"2022-12-09T10:12:38","date_gmt":"2022-12-09T13:12:38","guid":{"rendered":"https:\/\/proad.ufpr.br\/licitacoes\/?page_id=14066"},"modified":"2026-02-26T16:18:08","modified_gmt":"2026-02-26T19:18:08","slug":"nova-lei-de-licitacoes-e-contratos-administrativos","status":"publish","type":"page","link":"https:\/\/proad.ufpr.br\/licitacoes\/upcl\/nova-lei-de-licitacoes-e-contratos-administrativos\/","title":{"rendered":"INSTRU\u00c7\u00c3O DE PROCESSOS DE LICITA\u00c7\u00c3O"},"content":{"rendered":"\n<p>Desde 2022, a UFPR adota os procedimentos da <a href=\"http:\/\/www.planalto.gov.br\/ccivil_03\/_ato2019-2022\/2021\/lei\/L14133.htm\" target=\"_blank\" rel=\"noreferrer noopener\">Lei 14.133\/2021<\/a>, em substitui\u00e7\u00e3o \u00e0s Leis 8.666\/1993 (licita\u00e7\u00f5es e contratos), 10.520\/2002 (preg\u00e3o) e 12.462\/2011 (RDC).<\/p>\n\n\n\n<p>Neste espa\u00e7o, ser\u00e3o disponibilizados os regulamentos e modelos de documentos a serem utilizados na instru\u00e7\u00e3o dos processos no novo regime legal.<\/p>\n\n\n\n<p>D\u00favidas poder\u00e3o ser esclarecidas com nossas equipes, atrav\u00e9s dos e-mails <a href=\"mailto:clic@ufpr.br\">clic@ufpr.br<\/a> (Coordenadoria) e <a href=\"mailto:compras@ufpr.br\" target=\"_blank\" rel=\"noreferrer noopener\">compras@ufpr.br<\/a> (UPCL).<\/p>\n\n\n\n<p><\/p>\n\n\n\n<p class=\"has-white-color has-text-color\">\/<\/p>\n\n\n\n<h2 class=\"wp-block-heading has-black-color has-text-color has-link-color wp-elements-ef83f56bf1d8f318ccfda5ebbf951a6d\">Normativas internas da UFPR<\/h2>\n\n\n\n<div class=\"wp-block-buttons is-content-justification-center is-layout-flex wp-container-core-buttons-is-layout-16018d1d wp-block-buttons-is-layout-flex\">\n<div class=\"wp-block-button has-custom-width wp-block-button__width-50 is-style-fill\"><a class=\"wp-block-button__link has-vivid-red-color has-text-color has-background wp-element-button\" href=\"https:\/\/sei.ufpr.br\/sei\/web\/modulos\/pesquisa\/md_pesq_documento_consulta_externa.php?acao_externa=documento_exibir&amp;id_documento=9132419&amp;id_orgao_acesso_externo=0\" style=\"background-color:#efe9d2\" target=\"_blank\" rel=\"noreferrer noopener\">Plano de Contrata\u00e7\u00f5es Anual<\/a><\/div>\n\n\n\n<div class=\"wp-block-button has-custom-width wp-block-button__width-50\"><a class=\"wp-block-button__link has-vivid-red-color has-text-color has-background wp-element-button\" href=\"https:\/\/sei.ufpr.br\/sei\/web\/modulos\/pesquisa\/md_pesq_documento_consulta_externa.php?acao_externa=documento_exibir&amp;id_documento=5578671&amp;id_orgao_acesso_externo=0\" style=\"background-color:#efe9d2\" target=\"_blank\" rel=\"noreferrer noopener\">Instru\u00e7\u00e3o de processos de Licita\u00e7\u00e3o<\/a><\/div>\n\n\n\n<div class=\"wp-block-button has-custom-width wp-block-button__width-50 is-style-fill\"><a class=\"wp-block-button__link has-vivid-red-color has-text-color has-background wp-element-button\" href=\"https:\/\/sei.ufpr.br\/sei\/web\/modulos\/pesquisa\/md_pesq_documento_consulta_externa.php?acao_externa=documento_exibir&amp;id_documento=8238296&amp;id_orgao_acesso_externo=0\" style=\"background-color:#efe9d2\" target=\"_blank\" rel=\"noreferrer noopener\">Instru\u00e7\u00e3o de processos de dispensa e inexigibilidade de licita\u00e7\u00e3o<\/a><\/div>\n\n\n\n<div class=\"wp-block-button has-custom-width wp-block-button__width-50 is-style-fill\"><a class=\"wp-block-button__link has-vivid-red-color has-text-color has-background has-link-color wp-element-button\" href=\"https:\/\/sei.ufpr.br\/sei\/web\/modulos\/pesquisa\/md_pesq_documento_consulta_externa.php?acao_externa=documento_exibir&amp;id_documento=7118143&amp;id_orgao_acesso_externo=0\" style=\"background-color:#efe9d2\" target=\"_blank\" rel=\"noreferrer noopener\">Instru\u00e7\u00e3o de processos para ades\u00e3o a atas de outros \u00f3rg\u00e3os (&#8220;carona&#8221;)<\/a><\/div>\n<\/div>\n\n\n\n<p><\/p>\n\n\n\n<p class=\"has-white-color has-text-color\">\/<\/p>\n\n\n\n<h2 class=\"wp-block-heading\">Regulamenta\u00e7\u00f5es da Lei 14.133\/2021<\/h2>\n\n\n\n<p>(Decretos Federais, Portarias e Instru\u00e7\u00f5es Normativas do Minist\u00e9rio da Gest\u00e3o e Inova\u00e7\u00e3o em Servi\u00e7os P\u00fablicos)<\/p>\n\n\n\n<div class=\"wp-block-buttons is-layout-flex wp-block-buttons-is-layout-flex\">\n<div class=\"wp-block-button has-custom-width wp-block-button__width-50\"><a class=\"wp-block-button__link has-vivid-red-color has-text-color has-background has-link-color wp-element-button\" href=\"https:\/\/proad.ufpr.br\/licitacoes\/plano-anual-de-contratacoes-ate-2022\/\" style=\"background-color:#efe9d2\" target=\"_blank\" rel=\"noreferrer noopener\">Plano de Contrata\u00e7\u00f5es Anual<\/a><\/div>\n\n\n\n<div class=\"wp-block-button has-custom-width wp-block-button__width-50\"><a class=\"wp-block-button__link has-vivid-red-color has-text-color has-background has-link-color wp-element-button\" href=\"https:\/\/www.gov.br\/compras\/pt-br\/acesso-a-informacao\/legislacao\/instrucoes-normativas\/instrucao-normativa-seges-no-58-de-8-de-agosto-de-2022\" style=\"background-color:#efe9d2\" target=\"_blank\" rel=\"noreferrer noopener\">Estudo T\u00e9cnico Preliminar<\/a><\/div>\n\n\n\n<div class=\"wp-block-button has-custom-width wp-block-button__width-50\"><a class=\"wp-block-button__link has-vivid-red-color has-text-color has-background has-link-color wp-element-button\" href=\"https:\/\/www.gov.br\/compras\/pt-br\/acesso-a-informacao\/legislacao\/instrucoes-normativas\/instrucao-normativa-seges-me-no-81-de-25-de-novembro-de-2022\" style=\"background-color:#efe9d2\" target=\"_blank\" rel=\"noreferrer noopener\">Termo de Refer\u00eancia<\/a><\/div>\n\n\n\n<div class=\"wp-block-button has-custom-width wp-block-button__width-50\"><a class=\"wp-block-button__link has-vivid-red-color has-text-color has-background has-link-color wp-element-button\" href=\"https:\/\/www.gov.br\/compras\/pt-br\/acesso-a-informacao\/legislacao\/instrucoes-normativas\/instrucao-normativa-seges-me-no-65-de-7-de-julho-de-2021\" style=\"background-color:#efe9d2\" target=\"_blank\" rel=\"noreferrer noopener\">Pesquisa de Pre\u00e7os para compras e servi\u00e7os<\/a><\/div>\n\n\n\n<div class=\"wp-block-button has-custom-width wp-block-button__width-50 is-style-fill\"><a class=\"wp-block-button__link has-vivid-red-color has-text-color has-background has-link-color wp-element-button\" href=\"https:\/\/www.planalto.gov.br\/ccivil_03\/_ato2011-2014\/2013\/decreto\/d7983.htm\" style=\"background-color:#efe9d2\" target=\"_blank\" rel=\"noreferrer noopener\">Or\u00e7amento de refer\u00eancia para obras e servi\u00e7os de Engenharia*<\/a><\/div>\n\n\n\n<div class=\"wp-block-button has-custom-width wp-block-button__width-50\"><a class=\"wp-block-button__link has-vivid-red-color has-text-color has-background has-link-color wp-element-button\" href=\"https:\/\/www.planalto.gov.br\/ccivil_03\/_ato2019-2022\/2022\/Decreto\/D11246.htm\" style=\"background-color:#efe9d2\" target=\"_blank\" rel=\"noreferrer noopener\">Agente de Contrata\u00e7\u00e3o, Gestores e Fiscais de Contrato<\/a><\/div>\n\n\n\n<div class=\"wp-block-button has-custom-width wp-block-button__width-50\"><a class=\"wp-block-button__link has-vivid-red-color has-text-color has-background has-link-color wp-element-button\" href=\"http:\/\/www.planalto.gov.br\/ccivil_03\/_ato2019-2022\/2021\/decreto\/D10818.htm\" style=\"background-color:#efe9d2\" target=\"_blank\" rel=\"noreferrer noopener\">Bens de consumo comum e de luxo<\/a><\/div>\n\n\n\n<div class=\"wp-block-button has-custom-width wp-block-button__width-50\"><a class=\"wp-block-button__link has-vivid-red-color has-text-color has-background has-link-color wp-element-button\" href=\"https:\/\/www.gov.br\/compras\/pt-br\/acesso-a-informacao\/legislacao\/instrucoes-normativas\/instrucao-normativa-seges-me-no-67-de-8-de-julho-de-2021\" style=\"background-color:#efe9d2\" target=\"_blank\" rel=\"noreferrer noopener\">Dispensa eletr\u00f4nica<\/a><\/div>\n\n\n\n<div class=\"wp-block-button has-custom-width wp-block-button__width-50 is-style-fill\"><a class=\"wp-block-button__link has-vivid-red-color has-text-color has-background has-link-color wp-element-button\" href=\"https:\/\/www.gov.br\/compras\/pt-br\/acesso-a-informacao\/legislacao\/instrucoes-normativas\/instrucao-normativa-no-5-de-26-de-maio-de-2017-atualizada\" style=\"background-color:#efe9d2\" target=\"_blank\" rel=\"noreferrer noopener\">Contrata\u00e7\u00e3o de servi\u00e7os**<\/a><\/div>\n\n\n\n<div class=\"wp-block-button has-custom-width wp-block-button__width-50 is-style-fill\"><a class=\"wp-block-button__link has-vivid-red-color has-text-color has-background has-link-color wp-element-button\" href=\"https:\/\/www.gov.br\/compras\/pt-br\/acesso-a-informacao\/legislacao\/instrucoes-normativas\/instrucao-normtaiva-seges-me-no-103-de-30-de-dezembro-de-2022\" style=\"background-color:#efe9d2\" target=\"_blank\" rel=\"noreferrer noopener\">Sele\u00e7\u00e3o de im\u00f3veis para loca\u00e7\u00e3o<\/a><\/div>\n\n\n\n<div class=\"wp-block-button has-custom-width wp-block-button__width-50 is-style-fill\"><a class=\"wp-block-button__link has-vivid-red-color has-text-color has-background has-link-color wp-element-button\" href=\"https:\/\/www.gov.br\/compras\/pt-br\/acesso-a-informacao\/legislacao\/instrucoes-normativas\/instrucao-normativa-seges-me-no-116-de-21-de-dezembro-de-2021\" style=\"background-color:#efe9d2\" target=\"_blank\" rel=\"noreferrer noopener\">Contrata\u00e7\u00e3o de pessoa f\u00edsica<\/a><\/div>\n\n\n\n<div class=\"wp-block-button has-custom-width wp-block-button__width-50 is-style-fill\"><a class=\"wp-block-button__link has-vivid-red-color has-text-color has-background wp-element-button\" href=\"http:\/\/www.planalto.gov.br\/ccivil_03\/_ato2023-2026\/2023\/decreto\/D11462.htm\" style=\"background-color:#efe9d2\" target=\"_blank\" rel=\"noreferrer noopener\">Sistema de Registro de Pre\u00e7os<\/a><\/div>\n<\/div>\n\n\n\n<p>*Autorizada a utiliza\u00e7\u00e3o do Decreto 7.983\/2013 pela <a href=\"https:\/\/www.gov.br\/compras\/pt-br\/acesso-a-informacao\/legislacao\/instrucoes-normativas\/instrucao-normativa-seges-me-no-91-de-16-de-dezembro-de-2022\" target=\"_blank\" rel=\"noreferrer noopener\">Instru\u00e7\u00e3o Normativa 91\/2022-SEGES\/ME<\/a><\/p>\n\n\n\n<p>**Autorizada a utiliza\u00e7\u00e3o da IN 05\/2017-SEGES\/MPDG pela <a href=\"https:\/\/www.gov.br\/compras\/pt-br\/acesso-a-informacao\/legislacao\/instrucoes-normativas\/instrucao-normativa-seges-me-no-98-de-26-de-dezembro-de-2022\">Instru\u00e7\u00e3o Normativa 98\/2022-SEGES\/ME<\/a>.<\/p>\n\n\n\n<p class=\"has-white-color has-text-color\">\/<\/p>\n\n\n\n<p><\/p>\n\n\n\n<h2 class=\"wp-block-heading\">Outras refer\u00eancias<\/h2>\n\n\n\n<div class=\"wp-block-buttons is-layout-flex wp-block-buttons-is-layout-flex\">\n<div class=\"wp-block-button has-custom-width wp-block-button__width-100 is-style-fill\"><a class=\"wp-block-button__link has-vivid-red-color has-text-color has-background wp-element-button\" href=\"https:\/\/ufprbr0.sharepoint.com\/:p:\/s\/GEPEC\/EaD0Yb-nu9FBhKedaMzVzSIBVi8SEFdW-X_FftSJ2xTbqA\" style=\"background-color:#efe9d2\" target=\"_blank\" rel=\"noreferrer noopener\"><strong>Material Curso Licita\u00e7\u00f5e<\/strong>s &#8211; Instru\u00e7\u00e3o de Processos na UFPR<\/a><\/div>\n<\/div>\n\n\n\n<p class=\"has-white-color has-text-color\">\/<\/p>\n\n\n\n<h2 class=\"wp-block-heading\">Modelos de documentos<\/h2>\n\n\n\n<p>Para a instru\u00e7\u00e3o processual sob a luz da nova Lei de Licita\u00e7\u00f5es (Lei n\u00ba 14.133\/2021) dever\u00e3o ser utilizados os modelos de documentos disponibilizados pela Advocacia Geral da Uni\u00e3o (AGU) em parceria com a Secretaria de Gest\u00e3o e Inova\u00e7\u00e3o do Minist\u00e9rio da Gest\u00e3o e da Inova\u00e7\u00e3o em Servi\u00e7os P\u00fablicos (SEGES\/MGI)<\/p>\n\n\n\n<div class=\"wp-block-buttons is-layout-flex wp-block-buttons-is-layout-flex\">\n<div class=\"wp-block-button has-custom-width wp-block-button__width-100\"><a class=\"wp-block-button__link has-vivid-red-color has-text-color has-background has-link-color has-text-align-center wp-element-button\" href=\"https:\/\/www.gov.br\/agu\/pt-br\/composicao\/cgu\/cgu\/modelos\/licitacoesecontratos\/14133\/pregao-e-concorrencia\" style=\"background-color:#efe9d2\" target=\"_blank\" rel=\"noreferrer noopener\"><strong>Preg\u00e3o e Concorr\u00eancia<\/strong> &#8211; modelos de Termo de Refer\u00eancia, contratos e listas de verifica\u00e7\u00e3o para Compras, servi\u00e7os, Obras e servi\u00e7os de engenharia <\/a><\/div>\n<\/div>\n\n\n\n<p><\/p>\n\n\n\n<div class=\"wp-block-buttons is-layout-flex wp-block-buttons-is-layout-flex\">\n<div class=\"wp-block-button has-custom-width wp-block-button__width-100\"><a class=\"wp-block-button__link has-vivid-red-color has-text-color has-background has-link-color has-text-align-center wp-element-button\" href=\"https:\/\/www.gov.br\/agu\/pt-br\/composicao\/cgu\/cgu\/modelos\/licitacoesecontratos\/14133\/bens-e-servicos-de-tic\" style=\"background-color:#efe9d2\" target=\"_blank\" rel=\"noreferrer noopener\"><strong>Bens e Servi\u00e7os de TIC <\/strong>&#8211; modelos de Termo de Refer\u00eancia, contratos e lista de verifica\u00e7\u00e3o para compras e servi\u00e7os<\/a><\/div>\n<\/div>\n\n\n\n<p>Para a correta instru\u00e7\u00e3o dever\u00e1 ainda ser observado o Instrumento de Padroniza\u00e7\u00e3o dos Procedimentos de Contrata\u00e7\u00e3o publicados pela Advocacia Geral da Uni\u00e3o (AGU) em parceria com a Secretaria de Gest\u00e3o e Inova\u00e7\u00e3o do Minist\u00e9rio da Gest\u00e3o e da Inova\u00e7\u00e3o em Servi\u00e7os P\u00fablicos (SEGES\/MGI), utilizando o c\u00f3digo de formata\u00e7\u00e3o visual sugerida.<\/p>\n\n\n\n<div class=\"wp-block-buttons is-layout-flex wp-block-buttons-is-layout-flex\">\n<div class=\"wp-block-button has-custom-width wp-block-button__width-100 is-style-fill\"><a class=\"wp-block-button__link has-vivid-red-color has-text-color has-background has-link-color has-text-align-center wp-element-button\" href=\"https:\/\/www.gov.br\/agu\/pt-br\/composicao\/cgu\/cgu\/guias\/instrumento-de-padronizacao-dos-procedimento-de-contratacao-agu-fev-2024.pdf\" style=\"background-color:#efe9d2\" target=\"_blank\" rel=\"noreferrer noopener\"><strong>Instrumento de Padroniza\u00e7\u00e3o dos Procedimentos de Contrata\u00e7\u00e3o<\/strong><\/a><\/div>\n<\/div>\n\n\n\n<p>As declara\u00e7\u00f5es e <em>checklists<\/em> constar\u00e3o como documentos do SEI.<\/p>\n\n\n\n<p>Documento de Formaliza\u00e7\u00e3o da Demanda registrado no PGC, Estudo T\u00e9cnico Preliminar e Termo de Refer\u00eancia dever\u00e3o ser registrados diretamente no SIASG, e anexados em PDF no processo da contrata\u00e7\u00e3o.<\/p>\n\n\n\n<p class=\"has-black-color has-text-color\"><strong>IMPORTANTE:<\/strong> Os modelos apresentados s\u00e3o sugest\u00f5es para facilitar o trabalho dos demandantes. N\u00e3o dispensam, entretanto, a leitura integral dos termos ali dispostos, bem como as adequa\u00e7\u00f5es pertinentes a cada contrata\u00e7\u00e3o.<\/p>\n\n\n\n<p class=\"has-white-color has-text-color\">\/<\/p>\n\n\n\n<div class=\"wp-block-buttons is-layout-flex wp-block-buttons-is-layout-flex\">\n<div class=\"wp-block-button has-custom-width wp-block-button__width-100 is-style-fill\"><a class=\"wp-block-button__link has-vivid-red-color has-text-color has-background wp-element-button\" style=\"background-color:#efe9d2\"><strong>Licita\u00e7\u00e3o<\/strong><\/a><\/div>\n\n\n\n<div class=\"wp-block-button has-custom-width wp-block-button__width-50 is-style-fill\"><a class=\"wp-block-button__link has-vivid-red-color has-text-color has-background wp-element-button\" href=\"https:\/\/proad.ufpr.br\/licitacoes\/files\/2023\/03\/Modelo_planilha-preco-de-referencia_2023.xlsx\" style=\"background-color:#efe9d2\" target=\"_blank\" rel=\"noreferrer noopener\">Planilha de c\u00e1lculo do valor de refer\u00eancia da licita\u00e7\u00e3o (arquivo XLSX para download)<\/a><\/div>\n\n\n\n<div class=\"wp-block-button has-custom-width wp-block-button__width-50 is-style-fill\"><a class=\"wp-block-button__link has-vivid-red-color has-text-color has-background wp-element-button\" href=\"https:\/\/ufprbr0.sharepoint.com\/:w:\/s\/GEPEC\/Ebo-icAGP8RKiuIx3dH93n0BL86nJBzrdR2ugmbHSfVkNQ?e=6G0v87\" style=\"background-color:#efe9d2\" target=\"_blank\" rel=\"noreferrer noopener\">Considera\u00e7\u00f5es para elabora\u00e7\u00e3o do Estudo T\u00e9cnico Preliminar<\/a><\/div>\n\n\n\n<div class=\"wp-block-button has-custom-width wp-block-button__width-50 is-style-fill\"><a class=\"wp-block-button__link has-vivid-red-color has-text-color has-background wp-element-button\" href=\"https:\/\/ufprbr0.sharepoint.com\/:w:\/s\/GEPEC\/Ec2Zg1ju3CtLuqedRCSmy9wB7rM_n_XREMzh9n0vFVi3KA?e=jeo8Mt\" style=\"background-color:#efe9d2\" target=\"_blank\" rel=\"noreferrer noopener\">Modelo de proposta (Anexo C do Termo de Refer\u00eancia)<\/a><\/div>\n\n\n\n<div class=\"wp-block-button has-custom-width wp-block-button__width-50 is-style-fill\"><a class=\"wp-block-button__link has-vivid-red-color has-text-color has-background wp-element-button\" href=\"https:\/\/ufprbr0.sharepoint.com\/:w:\/s\/GEPEC\/ET-ii6_QeXxFumVMS-wmUUcBvAuzs--u-Ra38TBgbVNrKg?e=4nbL1C\" style=\"background-color:#efe9d2\" target=\"_blank\" rel=\"noreferrer noopener\">Minuta de Ata de Registro de Pre\u00e7os<\/a><\/div>\n\n\n\n<div class=\"wp-block-button has-custom-width wp-block-button__width-50 is-style-fill\"><a class=\"wp-block-button__link has-vivid-red-color has-text-color has-background wp-element-button\" href=\"https:\/\/ufprbr0.sharepoint.com\/:w:\/s\/GEPEC\/EYmypUXy4XFDumyoo1c20-IB4W-dC6F1MCYTOTLOn8GPxA?e=ikrWfn\" style=\"background-color:#efe9d2\" target=\"_blank\" rel=\"noreferrer noopener\">An\u00e1lise de riscos<\/a><\/div>\n\n\n\n<div class=\"wp-block-button has-custom-width wp-block-button__width-50 is-style-fill\"><a class=\"wp-block-button__link has-vivid-red-color has-text-color has-background wp-element-button\" href=\"https:\/\/ufprbr0.sharepoint.com\/:w:\/s\/GEPEC\/EcBL1x4x6VNEsw-FtqLUbd4BHW6dZI79sKjXVJh61FLEZA?e=SM8LBi\" style=\"background-color:#efe9d2\" target=\"_blank\" rel=\"noreferrer noopener\">Declara\u00e7\u00e3o unificada sobre a motiva\u00e7\u00e3o circunstanciada das condi\u00e7\u00f5es do edital<\/a><\/div>\n<\/div>\n\n\n\n<p><\/p>\n","protected":false},"excerpt":{"rendered":"<p>Desde 2022, a UFPR adota os procedimentos da Lei 14.133\/2021, em substitui\u00e7\u00e3o \u00e0s Leis 8.666\/1993 (licita\u00e7\u00f5es e contratos), 10.520\/2002 (preg\u00e3o) e 12.462\/2011 (RDC). Neste espa\u00e7o, ser\u00e3o disponibilizados os regulamentos e modelos de documentos a serem utilizados na instru\u00e7\u00e3o dos processos no novo regime legal. D\u00favidas poder\u00e3o ser esclarecidas com nossas equipes, atrav\u00e9s dos e-mails clic@ufpr.br [&hellip;]<\/p>\n","protected":false},"author":1797,"featured_media":0,"parent":313,"menu_order":0,"comment_status":"closed","ping_status":"closed","template":"","meta":{"footnotes":""},"class_list":["post-14066","page","type-page","status-publish","hentry"],"_links":{"self":[{"href":"https:\/\/proad.ufpr.br\/licitacoes\/wp-json\/wp\/v2\/pages\/14066","targetHints":{"allow":["GET"]}}],"collection":[{"href":"https:\/\/proad.ufpr.br\/licitacoes\/wp-json\/wp\/v2\/pages"}],"about":[{"href":"https:\/\/proad.ufpr.br\/licitacoes\/wp-json\/wp\/v2\/types\/page"}],"author":[{"embeddable":true,"href":"https:\/\/proad.ufpr.br\/licitacoes\/wp-json\/wp\/v2\/users\/1797"}],"replies":[{"embeddable":true,"href":"https:\/\/proad.ufpr.br\/licitacoes\/wp-json\/wp\/v2\/comments?post=14066"}],"version-history":[{"count":55,"href":"https:\/\/proad.ufpr.br\/licitacoes\/wp-json\/wp\/v2\/pages\/14066\/revisions"}],"predecessor-version":[{"id":18013,"href":"https:\/\/proad.ufpr.br\/licitacoes\/wp-json\/wp\/v2\/pages\/14066\/revisions\/18013"}],"up":[{"embeddable":true,"href":"https:\/\/proad.ufpr.br\/licitacoes\/wp-json\/wp\/v2\/pages\/313"}],"wp:attachment":[{"href":"https:\/\/proad.ufpr.br\/licitacoes\/wp-json\/wp\/v2\/media?parent=14066"}],"curies":[{"name":"wp","href":"https:\/\/api.w.org\/{rel}","templated":true}]}}