{"id":11511,"date":"2021-11-23T10:23:45","date_gmt":"2021-11-23T13:23:45","guid":{"rendered":"https:\/\/proad.ufpr.br\/licitacoes\/?page_id=11511"},"modified":"2025-11-27T10:40:57","modified_gmt":"2025-11-27T13:40:57","slug":"calendario-de-compras","status":"publish","type":"page","link":"https:\/\/proad.ufpr.br\/licitacoes\/upcl\/calendario-de-compras\/","title":{"rendered":"CALEND\u00c1RIO DE COMPRAS &#8211; 2026"},"content":{"rendered":"\n<p><strong>Calend\u00e1rio de Compras para o ano de 2026:<\/strong><\/p>\n\n\n\n<p>As solicita\u00e7\u00f5es de Reservas de Itens em licita\u00e7\u00f5es realizadas e gerenciadas pela Unidade de Planejamento e Controle devem ser solicitadas via processo SEI com a utiliza\u00e7\u00e3o do formul\u00e1rio &#8220;Licita\u00e7\u00e3o: reserva de itens do cat\u00e1logo&#8221;.<\/p>\n\n\n\n<p>Para as solicita\u00e7\u00f5es as Unidades demandantes dever\u00e3o observar que:<\/p>\n\n\n\n<p>a) Os processos com pedidos de reserva dever\u00e3o ser encaminhados \u00e0 Unidade de Planejamento e Controle dentro do prazo de 30 dias que antecedem a data limite de recebimento dos pedidos.<\/p>\n\n\n\n<p>b) N\u00e3o ser\u00e3o aceitos pedidos de reserva encaminhados ap\u00f3s a data limite informada no calend\u00e1rio abaixo.<\/p>\n\n\n\n<p>c) Somente ser\u00e1 realizada reservas de itens que constem no Cat\u00e1logo de Materiais da Unidade de Planejamento e Controle (Ver cat\u00e1logo<a href=\"https:\/\/proad.ufpr.br\/licitacoes\/central-de-compras-cecom\/catalogo-de-materiais\/\"> Aqui<\/a>)<\/p>\n\n\n\n<p>d) Todas as informa\u00e7\u00f5es que constam no formul\u00e1rio de requisi\u00e7\u00e3o dever\u00e3o ser preenchidas.<\/p>\n\n\n\n<p>e) Os itens solicitados constar\u00e3o como reservados \u00e0s unidades requisitantes e dever\u00e3o ser adquiridos durante a vig\u00eancia das Atas de Registro de Pre\u00e7os.<\/p>\n\n\n\n<p>f) A unidade detentora de reserva, caso n\u00e3o solicite autoriza\u00e7\u00e3o para empenhar nos primeiros 10 meses de vig\u00eancia da Ata, o quantitativo ser\u00e1 disponibilizado para uso por qualquer outra unidade demandante<\/p>\n\n\n\n<p>g) As unidades requisitantes poder\u00e3o solicitar a inclus\u00e3o de novos itens no cat\u00e1logo da UPCL, desde que os mesmos possuam a mesma natureza dos objetos gerenciados pela UPCL e atendam uma das seguintes hip\u00f3teses: (i) demanda com car\u00e1ter continuado com previs\u00e3o de entregas parceladas durante o exerc\u00edcio financeiro e\/ou (ii) demanda comum a mais de um Setor, Pr\u00f3-Reitoria ou Superintend\u00eancia, devendo cada demandante manifestar concord\u00e2ncia com a solicita\u00e7\u00e3o, bem como apresentar quantidade pretendida de aquisi\u00e7\u00e3o e indicar servidor respons\u00e1vel para atuar junto \u00e0 equipe de planejamento.<\/p>\n\n\n\n<p>As solicita\u00e7\u00f5es de Inclus\u00f5es de Itens no cat\u00e1logo devem ser solicitadas via processo SEI tipo &#8220;CLIC: Compra\/Contrata\u00e7\u00e3o por Licita\u00e7\u00e3o&#8221; com a utiliza\u00e7\u00e3o do formul\u00e1rio \u201cLicita\u00e7\u00e3o: inclus\u00e3o de itens em cat\u00e1logo\u201d.<\/p>\n\n\n\n<p><strong>Janeiro<\/strong><\/p>\n\n\n\n<figure class=\"wp-block-table\"><table class=\"has-fixed-layout\"><thead><tr><td><strong>Classe<\/strong><\/td><td><strong>Objeto<\/strong><\/td><td><strong>Data limite para recebimentos de pedidos de reserva de itens<\/strong><\/td><td><strong>Previs\u00e3o de disponibilidade<\/strong><\/td><\/tr><\/thead><tbody><tr><td>Servi\u00e7o<\/td><td>Chaveiro<\/td><td>01\/01\/2026<\/td><td>Julho de 2026<\/td><\/tr><tr><td>Material<\/td><td>Eletrodom\u00e9sticos e Equipamentos diversos<\/td><td>01\/01\/2026<\/td><td>Agosto de 2026<\/td><\/tr><tr><td>Servi\u00e7o<\/td><td>Lavanderia<\/td><td>01\/01\/2026<\/td><td>Julho de 2026<\/td><\/tr><\/tbody><\/table><\/figure>\n\n\n\n<p><strong>Fevereiro<\/strong><\/p>\n\n\n\n<figure class=\"wp-block-table\"><table class=\"has-fixed-layout\"><thead><tr><td><strong>Classe<\/strong><\/td><td><strong>Objeto<\/strong><\/td><td><strong>Data limite para recebimentos de pedidos de reserva de itens<\/strong><\/td><td><strong>Previs\u00e3o de disponibilidade<\/strong><\/td><\/tr><\/thead><tbody><tr><td>Material<\/td><td>\u00c1gua Mineral \u2013 Gal\u00f5es de 20 litros<\/td><td>01\/02\/2026<\/td><td>Julho de 2026<\/td><\/tr><tr><td>Material<\/td><td>Materiais Gr\u00e1ficos<\/td><td>01\/02\/2026<\/td><td>Outubro de 2026<\/td><\/tr><\/tbody><\/table><\/figure>\n\n\n\n<p><strong>Mar\u00e7o<\/strong><\/p>\n\n\n\n<figure class=\"wp-block-table\"><table class=\"has-fixed-layout\"><thead><tr><td><strong>Classe<\/strong><\/td><td><strong>Objeto<\/strong><\/td><td><strong>Data limite para recebimentos de pedidos de reserva de itens<\/strong><\/td><td><strong>Previs\u00e3o de disponibilidade<\/strong><\/td><\/tr><\/thead><tbody><tr><td>Servi\u00e7o<\/td><td>Limpeza e Seguran\u00e7a para Eventos<\/td><td>01\/03\/2026<\/td><td>Outubro de 2026<\/td><\/tr><tr><td>Material<\/td><td>Vidrarias para laborat\u00f3rio<\/td><td>01\/03\/2026<\/td><td>Parte 01 &#8211; Novembro de 2026 <br>Parte 02 &#8211; Janeiro de 2027 <br>Parte 03 &#8211; Abril de 2027<\/td><\/tr><tr><td>Material<\/td><td>M\u00f3veis<\/td><td>01\/03\/2026<\/td><td>Novembro de 2026<\/td><\/tr><tr><td>Material<\/td><td>Reagentes Qu\u00edmicos Controlados<\/td><td>01\/03\/2026<\/td><td>Novembro de 2026<\/td><\/tr><tr><td>Material<\/td><td>Reagente Qu\u00edmicos n\u00e3o controlados<\/td><td>01\/03\/2026<\/td><td>Janeiro de 2027<\/td><\/tr><tr><td>Servi\u00e7o<\/td><td>Licen\u00e7as Microsoft**<\/td><td>01\/03\/2026<\/td><td>Novembro de 2026<\/td><\/tr><\/tbody><\/table><\/figure>\n\n\n\n<p>**Licita\u00e7\u00e3o iniciada pela AGTIC<\/p>\n\n\n\n<p><strong>Abril<\/strong><\/p>\n\n\n\n<figure class=\"wp-block-table\"><table class=\"has-fixed-layout\"><thead><tr><td><strong>Classe<\/strong><\/td><td><strong>Objeto<\/strong><\/td><td><strong>Data limite para recebimentos de pedidos de reserva de itens<\/strong><\/td><td><strong>Previs\u00e3o de disponibilidade<\/strong><\/td><\/tr><\/thead><tbody><tr><td>Material<\/td><td>Equipamentos de Laborat\u00f3rio<\/td><td>01\/04\/2026<\/td><td>Parte 01 &#8211; Dezembro de 2026 <br>Parte 02 &#8211; Janeiro de 2027<\/td><\/tr><tr><td>Material<\/td><td>Material de Consumo Hospitalar<\/td><td>01\/04\/2026<\/td><td>Parte 01 &#8211; Dezembro de 2026 <br>Parte 02 &#8211; Fevereiro de 2027 <br>Parte 03 &#8211; Dezembro de 2026<\/td><\/tr><tr><td>Servi\u00e7o<\/td><td>Licen\u00e7as Adobe**<\/td><td>01\/04\/2026<\/td><td>Outubro de 2026<\/td><\/tr><tr><td>Material<\/td><td>Computadores**<\/td><td>01\/04\/2026<\/td><td>Novembro de 2026<\/td><\/tr><\/tbody><\/table><\/figure>\n\n\n\n<p>**Licita\u00e7\u00e3o iniciada pela AGTIC<\/p>\n\n\n\n<p><strong>Maio<\/strong><\/p>\n\n\n\n<figure class=\"wp-block-table\"><table class=\"has-fixed-layout\"><thead><tr><td><strong>Classe<\/strong><\/td><td><strong>Objeto<\/strong><\/td><td><strong>Data limite para recebimentos de pedidos de reserva de itens<\/strong><\/td><td><strong>Previs\u00e3o de disponibilidade<\/strong><\/td><\/tr><\/thead><tbody><tr><td>Servi\u00e7o<\/td><td>Loca\u00e7\u00e3o de Estandes, tendas, mobili\u00e1rio, banheiros qu\u00edmicos, equipamentos de sonoriza\u00e7\u00e3o e ilumina\u00e7\u00e3o para eventos<\/td><td>01\/05\/2026<\/td><td>Janeiro de 2027<\/td><\/tr><tr><td>Material<\/td><td>Persianas e Capachos<\/td><td>01\/05\/2026<\/td><td>Outubro de 2026<\/td><\/tr><tr><td>Material<\/td><td>Materiais de consumo de uso geral, L\u00e2mpadas, Carimbos e Ferramentas<\/td><td>01\/05\/2026<\/td><td>Fevereiro de 2027<\/td><\/tr><\/tbody><\/table><\/figure>\n\n\n\n<p><strong>Julho<\/strong><\/p>\n\n\n\n<figure class=\"wp-block-table\"><table class=\"has-fixed-layout\"><thead><tr><td><strong>Classe<\/strong><\/td><td><strong>Objeto<\/strong><\/td><td><strong>Data limite para recebimentos de pedidos de reserva de itens<\/strong><\/td><td><strong>Previs\u00e3o de disponibilidade<\/strong><\/td><\/tr><\/thead><tbody><tr><td>Material<\/td><td>Material de Consumo Laboratorial \u2013<\/td><td>01\/07\/2026<\/td><td>Parte 01- Fevereiro de 2027 <br>Parte 02 e 03 &#8211; mar\u00e7o de 2027<\/td><\/tr><tr><td>Material<\/td><td>\u00c1udio e v\u00eddeo<\/td><td>01\/07\/2026<\/td><td>Abril de 2027<\/td><\/tr><\/tbody><\/table><\/figure>\n\n\n\n<p><strong>Agosto<\/strong><\/p>\n\n\n\n<figure class=\"wp-block-table\"><table class=\"has-fixed-layout\"><thead><tr><td><strong>Classe<\/strong><\/td><td><strong>Objeto<\/strong><\/td><td><strong>Data limite para recebimentos de pedidos de reserva de itens<\/strong><\/td><td><strong>Previs\u00e3o de disponibilidade<\/strong><\/td><\/tr><\/thead><tbody><tr><td>Servi\u00e7o<\/td><td>Aulas de Campo (alimenta\u00e7\u00e3o, estadia e transporte)<\/td><td>01\/08\/2026<\/td><td>Mar\u00e7o de 2027<\/td><\/tr><tr><td>Material<\/td><td>Material de consumo de Inform\u00e1tica<\/td><td>01\/08\/2026<\/td><td>Abril de 2027<\/td><\/tr><tr><td>Material<\/td><td>Equipamentos de Prote\u00e7\u00e3o Individual<\/td><td>01\/08\/2026<\/td><td>Mar\u00e7o de 2027<\/td><\/tr><\/tbody><\/table><\/figure>\n\n\n\n<p><strong>Setembro<\/strong><\/p>\n\n\n\n<figure class=\"wp-block-table\"><table class=\"has-fixed-layout\"><thead><tr><td><strong>Classe<\/strong><\/td><td><strong>Objeto<\/strong><\/td><td><strong>Data limite para recebimentos de pedidos de reserva de itens<\/strong><\/td><td><strong>Previs\u00e3o de disponibilidade<\/strong><\/td><\/tr><\/thead><tbody><tr><td>Material<\/td><td>Camisetas<\/td><td>01\/09\/2026<\/td><td>Fevereiro de 2027<\/td><\/tr><\/tbody><\/table><\/figure>\n\n\n\n<p><strong>Outubro<\/strong><\/p>\n\n\n\n<figure class=\"wp-block-table\"><table class=\"has-fixed-layout\"><thead><tr><td><strong>Classe<\/strong><\/td><td><strong>Objeto<\/strong><\/td><td><strong>Data limite para recebimentos de pedidos de reserva de itens<\/strong><\/td><td><strong>Previs\u00e3o de disponibilidade<\/strong><\/td><\/tr><\/thead><tbody><tr><td>Servi\u00e7o<\/td><td>Coffee Break<\/td><td>01\/10\/2026<\/td><td>Maio de 2027<\/td><\/tr><tr><td>Servi\u00e7o<\/td><td>Alimenta\u00e7\u00e3o para Eventos<\/td><td>01\/10\/2026<\/td><td>Maio de 2027<\/td><\/tr><tr><td>Material<\/td><td>Pel\u00edculas de Prote\u00e7\u00e3o Solar para vidros<\/td><td>01\/10\/2026<\/td><td>Abril de 2027<\/td><\/tr><\/tbody><\/table><\/figure>\n\n\n\n<p>* Cronograma atualizado em 27\/11\/2025.<\/p>\n\n\n\n<p><\/p>\n","protected":false},"excerpt":{"rendered":"<p>Calend\u00e1rio de Compras para o ano de 2026: As solicita\u00e7\u00f5es de Reservas de Itens em licita\u00e7\u00f5es realizadas e gerenciadas pela Unidade de Planejamento e Controle devem ser solicitadas via processo SEI com a utiliza\u00e7\u00e3o do formul\u00e1rio &#8220;Licita\u00e7\u00e3o: reserva de itens do cat\u00e1logo&#8221;. Para as solicita\u00e7\u00f5es as Unidades demandantes dever\u00e3o observar que: a) Os processos com [&hellip;]<\/p>\n","protected":false},"author":1806,"featured_media":0,"parent":313,"menu_order":0,"comment_status":"closed","ping_status":"closed","template":"","meta":{"footnotes":""},"class_list":["post-11511","page","type-page","status-publish","hentry"],"_links":{"self":[{"href":"https:\/\/proad.ufpr.br\/licitacoes\/wp-json\/wp\/v2\/pages\/11511","targetHints":{"allow":["GET"]}}],"collection":[{"href":"https:\/\/proad.ufpr.br\/licitacoes\/wp-json\/wp\/v2\/pages"}],"about":[{"href":"https:\/\/proad.ufpr.br\/licitacoes\/wp-json\/wp\/v2\/types\/page"}],"author":[{"embeddable":true,"href":"https:\/\/proad.ufpr.br\/licitacoes\/wp-json\/wp\/v2\/users\/1806"}],"replies":[{"embeddable":true,"href":"https:\/\/proad.ufpr.br\/licitacoes\/wp-json\/wp\/v2\/comments?post=11511"}],"version-history":[{"count":39,"href":"https:\/\/proad.ufpr.br\/licitacoes\/wp-json\/wp\/v2\/pages\/11511\/revisions"}],"predecessor-version":[{"id":17719,"href":"https:\/\/proad.ufpr.br\/licitacoes\/wp-json\/wp\/v2\/pages\/11511\/revisions\/17719"}],"up":[{"embeddable":true,"href":"https:\/\/proad.ufpr.br\/licitacoes\/wp-json\/wp\/v2\/pages\/313"}],"wp:attachment":[{"href":"https:\/\/proad.ufpr.br\/licitacoes\/wp-json\/wp\/v2\/media?parent=11511"}],"curies":[{"name":"wp","href":"https:\/\/api.w.org\/{rel}","templated":true}]}}