{"id":5,"date":"2016-08-23T19:23:48","date_gmt":"2016-08-23T19:23:48","guid":{"rendered":"https:\/\/proad.ufpr.br\/dsg2\/?page_id=5"},"modified":"2023-01-13T14:28:53","modified_gmt":"2023-01-13T17:28:53","slug":"apresentacao","status":"publish","type":"page","link":"https:\/\/proad.ufpr.br\/delog\/apresentacao\/","title":{"rendered":"Apresenta\u00e7\u00e3o"},"content":{"rendered":"<p>Em 2017, atrav\u00e9s da <a href=\"http:\/\/www.soc.ufpr.br\/portal\/wp-content\/uploads\/2017\/12\/coplad-35-17-Estrutura-administrativa-da-PRA.pdf\">Resolu\u00e7\u00e3o n\u00ba 35\/2017-COPLAD<\/a> que alterou a organiza\u00e7\u00e3o administrativa da Pr\u00f3-Reitoria de Administra\u00e7\u00e3o da UFPR, o Departamento de Servi\u00e7os Gerais da Pr\u00f3-Reitoria de Administra\u00e7\u00e3o &#8211; UFPR\/R\/PRA\/DSG foi extinto, criando-se o o Departamento de Log\u00edstica &#8211; UFPR\/R\/PRA\/DELOG.<\/p>\n<p>Estabeleceu-se como compet\u00eancia do Departamento de Log\u00edstica &#8211; UFPR\/R\/PRA\/DELOG a gest\u00e3o do patrim\u00f4nio, de log\u00edstica, de suprimentos e servi\u00e7os auxiliares, bem como o acompanhamento e avalia\u00e7\u00e3o dos servi\u00e7os terceirizados<br \/>da Universidade Federal do Paran\u00e1 (UFPR).<\/p>\n<p>Em 2019, com a aprova\u00e7\u00e3o do Regimento da Pr\u00f3-Reitoria de Administra\u00e7\u00e3o pela <a href=\"http:\/\/www.soc.ufpr.br\/portal\/wp-content\/uploads\/2021\/09\/RESOLU%C3%87%C3%83O-N%C2%BA-70-19-COPLAD.pdf\">Resolu\u00e7\u00e3o n\u00ba 70\/2019 &#8211; COPLAD<\/a> o Departamento de Log\u00edstica passou a ser designado de Coordenadoria de Log\u00edstica,\u00a0sendo de sua compet\u00eancia estabelecer diretrizes relativas \u00e0 gest\u00e3o de patrim\u00f4nio e de suprimentos da Institui\u00e7\u00e3o, acompanhar e avaliar a execu\u00e7\u00e3o de servi\u00e7os cont\u00ednuos com dedica\u00e7\u00e3o exclusiva de m\u00e3o de obra, dando apoio aos gestores e fiscais de contratos referentes a tal objeto, difundir normas gerais de gest\u00e3o arquiv\u00edstica, executando, ainda, servi\u00e7os de malote, protocolo geral e teleatendimento geral para a UFPR.<\/p>\n<p>A Coordenadoria de Log\u00edstica compreende as seguintes Unidades:<\/p>\n<ul>\n<li>Coordenadoria de Acompanhamento e Avalia\u00e7\u00e3o de Servi\u00e7os Terceirizados &#8211;<strong>\u00a0<a href=\"https:\/\/proad.ufpr.br\/delog\/caast\/\" target=\"_blank\" rel=\"noopener\">CAAST<\/a><\/strong><\/li>\n<li>Unidade de Patrim\u00f4nio &#8211;<strong>\u00a0<a href=\"https:\/\/proad.ufpr.br\/delog\/divisao-de-patrimonio\/\" target=\"_blank\" rel=\"noopener\">UPAT<\/a><\/strong><\/li>\n<li>Unidade de Suprimentos &#8211;<strong> <a href=\"https:\/\/proad.ufpr.br\/delog\/divisaosuprimentos\/\">USUP<\/a><\/strong><\/li>\n<li>Unidade de Arquivo e Atividades Auxiliares &#8211;<strong>\u00a0<a href=\"https:\/\/proad.ufpr.br\/delog\/unidade_de_arquivo_uarq\/\" target=\"_blank\" rel=\"noopener\">UARQ<\/a><\/strong><\/li>\n<\/ul>\n\n\n<p><\/p>\n","protected":false},"excerpt":{"rendered":"<p>Em 2017, atrav\u00e9s da Resolu\u00e7\u00e3o n\u00ba 35\/2017-COPLAD que alterou a organiza\u00e7\u00e3o administrativa da Pr\u00f3-Reitoria de Administra\u00e7\u00e3o da UFPR, o Departamento de Servi\u00e7os Gerais da Pr\u00f3-Reitoria de Administra\u00e7\u00e3o &#8211; UFPR\/R\/PRA\/DSG foi extinto, criando-se o o Departamento de Log\u00edstica &#8211; UFPR\/R\/PRA\/DELOG. Estabeleceu-se como compet\u00eancia do Departamento de Log\u00edstica &#8211; UFPR\/R\/PRA\/DELOG a gest\u00e3o do patrim\u00f4nio, de log\u00edstica, de [&hellip;]<\/p>\n","protected":false},"author":1759,"featured_media":0,"parent":0,"menu_order":0,"comment_status":"closed","ping_status":"closed","template":"","meta":{"footnotes":""},"class_list":["post-5","page","type-page","status-publish","hentry"],"_links":{"self":[{"href":"https:\/\/proad.ufpr.br\/delog\/wp-json\/wp\/v2\/pages\/5","targetHints":{"allow":["GET"]}}],"collection":[{"href":"https:\/\/proad.ufpr.br\/delog\/wp-json\/wp\/v2\/pages"}],"about":[{"href":"https:\/\/proad.ufpr.br\/delog\/wp-json\/wp\/v2\/types\/page"}],"author":[{"embeddable":true,"href":"https:\/\/proad.ufpr.br\/delog\/wp-json\/wp\/v2\/users\/1759"}],"replies":[{"embeddable":true,"href":"https:\/\/proad.ufpr.br\/delog\/wp-json\/wp\/v2\/comments?post=5"}],"version-history":[{"count":18,"href":"https:\/\/proad.ufpr.br\/delog\/wp-json\/wp\/v2\/pages\/5\/revisions"}],"predecessor-version":[{"id":3151,"href":"https:\/\/proad.ufpr.br\/delog\/wp-json\/wp\/v2\/pages\/5\/revisions\/3151"}],"wp:attachment":[{"href":"https:\/\/proad.ufpr.br\/delog\/wp-json\/wp\/v2\/media?parent=5"}],"curies":[{"name":"wp","href":"https:\/\/api.w.org\/{rel}","templated":true}]}}

Apresentação

<p>Em 2017, através da <a href="http://www.soc.ufpr.br/portal/wp-content/uploads/2017/12/coplad-35-17-Estrutura-administrativa-da-PRA.pdf">Resolução nº 35/2017-COPLAD</a> que alterou a organização administrativa da Pró-Reitoria de Administração da UFPR, o Departamento de Serviços Gerais da Pró-Reitoria de Administração &#8211; UFPR/R/PRA/DSG foi extinto, criando-se o o Departamento de Logística &#8211; UFPR/R/PRA/DELOG.</p>
<p>Estabeleceu-se como competência do Departamento de Logística &#8211; UFPR/R/PRA/DELOG a gestão do patrimônio, de logística, de suprimentos e serviços auxiliares, bem como o acompanhamento e avaliação dos serviços terceirizados<br />da Universidade Federal do Paraná (UFPR).</p>
<p>Em 2019, com a aprovação do Regimento da Pró-Reitoria de Administração pela <a href="http://www.soc.ufpr.br/portal/wp-content/uploads/2021/09/RESOLU%C3%87%C3%83O-N%C2%BA-70-19-COPLAD.pdf">Resolução nº 70/2019 &#8211; COPLAD</a> o Departamento de Logística passou a ser designado de Coordenadoria de Logística, sendo de sua competência estabelecer diretrizes relativas à gestão de patrimônio e de suprimentos da Instituição, acompanhar e avaliar a execução de serviços contínuos com dedicação exclusiva de mão de obra, dando apoio aos gestores e fiscais de contratos referentes a tal objeto, difundir normas gerais de gestão arquivística, executando, ainda, serviços de malote, protocolo geral e teleatendimento geral para a UFPR.</p>
<p>A Coordenadoria de Logística compreende as seguintes Unidades:</p>
<ul>
<li>Coordenadoria de Acompanhamento e Avaliação de Serviços Terceirizados &#8211;<strong> <a href="https://proad.ufpr.br/delog/caast/" target="_blank" rel="noopener">CAAST</a></strong></li>
<li>Unidade de Patrimônio &#8211;<strong> <a href="https://proad.ufpr.br/delog/divisao-de-patrimonio/" target="_blank" rel="noopener">UPAT</a></strong></li>
<li>Unidade de Suprimentos &#8211;<strong> <a href="https://proad.ufpr.br/delog/divisaosuprimentos/">USUP</a></strong></li>
<li>Unidade de Arquivo e Atividades Auxiliares &#8211;<strong> <a href="https://proad.ufpr.br/delog/unidade_de_arquivo_uarq/" target="_blank" rel="noopener">UARQ</a></strong></li>
</ul>


<p></p>

<p>Em 2017, através da Resolução nº 35/2017-COPLAD que alterou a organização administrativa da Pró-Reitoria de Administração da UFPR, o Departamento de Serviços Gerais da Pró-Reitoria de Administração &#8211; UFPR/R/PRA/DSG foi extinto, criando-se o o Departamento de Logística &#8211; UFPR/R/PRA/DELOG. Estabeleceu-se como competência do Departamento de Logística &#8211; UFPR/R/PRA/DELOG a gestão do patrimônio, de logística, de [&hellip;]</p>
