{"id":383,"date":"2015-10-29T14:48:32","date_gmt":"2015-10-29T17:48:32","guid":{"rendered":"https:\/\/proad.ufpr.br\/centran\/?page_id=383"},"modified":"2019-07-03T10:34:53","modified_gmt":"2019-07-03T13:34:53","slug":"servicos","status":"publish","type":"page","link":"https:\/\/proad.ufpr.br\/centran\/servicos\/","title":{"rendered":"Servi\u00e7os"},"content":{"rendered":"<p>\u00bb\u00a0<a href=\"https:\/\/proad.ufpr.br\/centran\/sobre\/solicitacoes-de-veiculos\/\">Solicita\u00e7\u00e3o de Ve\u00edculos<\/a><\/p>\n<p>\u00bb\u00a0<a href=\"https:\/\/proad.ufpr.br\/centran\/sobre\/manutencoes\/\">Manuten\u00e7\u00f5es<\/a><\/p>\n<p>\u00bb\u00a0<a href=\"https:\/\/proad.ufpr.br\/centran\/sobre\/abastecimentos\/\">Abastecimentos<\/a><\/p>\n<p>\u00bb\u00a0<a href=\"https:\/\/proad.ufpr.br\/centran\/unidades-da-centran\/transporte-de-cargas\/\">Transporte de Cargas<\/a><\/p>\n<p>\u00bb\u00a0<a href=\"https:\/\/proad.ufpr.br\/centran\/sobre\/distancia-entre-cidades\/\">Calcule Dist\u00e2ncia de Cidades<\/a><\/p>\n<p>\u00bb\u00a0<a href=\"https:\/\/proad.ufpr.br\/centran\/sobre\/links-uteis\/\">Links \u00fateis<\/a><\/p>\n<p>\u00bb\u00a0<a href=\"https:\/\/proad.ufpr.br\/centran\/sobre\/resolucao-2809-coplad\/\">Resolu\u00e7\u00e3o 28\/09-COPLAD<\/a><\/p>\n","protected":false},"excerpt":{"rendered":"<p>\u00bb\u00a0Solicita\u00e7\u00e3o de Ve\u00edculos \u00bb\u00a0Manuten\u00e7\u00f5es \u00bb\u00a0Abastecimentos \u00bb\u00a0Transporte de Cargas \u00bb\u00a0Calcule Dist\u00e2ncia de Cidades \u00bb\u00a0Links \u00fateis \u00bb\u00a0Resolu\u00e7\u00e3o 28\/09-COPLAD<\/p>\n","protected":false},"author":1761,"featured_media":0,"parent":0,"menu_order":0,"comment_status":"closed","ping_status":"closed","template":"","meta":{"ngg_post_thumbnail":0,"footnotes":""},"class_list":["post-383","page","type-page","status-publish","hentry"],"_links":{"self":[{"href":"https:\/\/proad.ufpr.br\/centran\/wp-json\/wp\/v2\/pages\/383","targetHints":{"allow":["GET"]}}],"collection":[{"href":"https:\/\/proad.ufpr.br\/centran\/wp-json\/wp\/v2\/pages"}],"about":[{"href":"https:\/\/proad.ufpr.br\/centran\/wp-json\/wp\/v2\/types\/page"}],"author":[{"embeddable":true,"href":"https:\/\/proad.ufpr.br\/centran\/wp-json\/wp\/v2\/users\/1761"}],"replies":[{"embeddable":true,"href":"https:\/\/proad.ufpr.br\/centran\/wp-json\/wp\/v2\/comments?post=383"}],"version-history":[{"count":3,"href":"https:\/\/proad.ufpr.br\/centran\/wp-json\/wp\/v2\/pages\/383\/revisions"}],"predecessor-version":[{"id":760,"href":"https:\/\/proad.ufpr.br\/centran\/wp-json\/wp\/v2\/pages\/383\/revisions\/760"}],"wp:attachment":[{"href":"https:\/\/proad.ufpr.br\/centran\/wp-json\/wp\/v2\/media?parent=383"}],"curies":[{"name":"wp","href":"https:\/\/api.w.org\/{rel}","templated":true}]}}