{"id":38,"date":"2011-03-23T09:53:31","date_gmt":"2011-03-23T12:53:31","guid":{"rendered":"https:\/\/proad.ufpr.br\/centran\/"},"modified":"2026-04-16T09:02:18","modified_gmt":"2026-04-16T12:02:18","slug":"onibus-intercampi","status":"publish","type":"page","link":"https:\/\/proad.ufpr.br\/centran\/sobre\/onibus-intercampi\/","title":{"rendered":"\u00d4nibus Intercampi"},"content":{"rendered":"<p style=\"text-align: justify\">A Central de Transportes disponibiliza, desde 2008, o servi\u00e7o de transporte aos alunos que necessitam se deslocar entre os campi da universidade para acompanhamento de aulas e outras atividades.<\/p>\n<p>O servi\u00e7o conta com quatro linhas al\u00e9m de mais um ve\u00edculo extra para os hor\u00e1rios de maior movimento.<\/p>\n<p>Linhas I, II e IV circulam de segunda a sexta-feira manh\u00e3 e tarde.<\/p>\n<p>Linha III circula aos s\u00e1bados pela manh\u00e3.<\/p>\n<p style=\"text-align: justify\"><a href=\"https:\/\/proad.ufpr.br\/centran\/files\/2026\/04\/Itinerario-intercampi_alterado-16-04-2026.pdf\" target=\"_blank\" rel=\"noopener\">Hor\u00e1rio e rotas das linhas Intercampi<\/a> (per\u00edodo letivo)<\/p>\n\n\n<p style=\"font-size:6px\">atualizado em 16\/04\/26<\/p>\n\n\n\n<p>Hor\u00e1rios e rotas das linhas Intercampi durante o recesso acad\u00eamico:<\/p>\n\n\n\n<div data-wp-interactive=\"core\/file\" class=\"wp-block-file\"><object data-wp-bind--hidden=\"!state.hasPdfPreview\" hidden class=\"wp-block-file__embed\" data=\"https:\/\/proad.ufpr.br\/centran\/files\/2025\/12\/itinerario-intercampi-ferias-2025-2026.pdf\" type=\"application\/pdf\" style=\"width:100%;height:600px\" aria-label=\"Incorporado de itiner\u00e1rio intercampi f\u00e9rias 2025-2026.\"><\/object><a id=\"wp-block-file--media-1eaec5eb-5dae-42c7-adcd-abb3751e1071\" href=\"https:\/\/proad.ufpr.br\/centran\/files\/2025\/12\/itinerario-intercampi-ferias-2025-2026.pdf\">itiner\u00e1rio intercampi f\u00e9rias 2025-2026<\/a><a href=\"https:\/\/proad.ufpr.br\/centran\/files\/2025\/12\/itinerario-intercampi-ferias-2025-2026.pdf\" class=\"wp-block-file__button wp-element-button\" download aria-describedby=\"wp-block-file--media-1eaec5eb-5dae-42c7-adcd-abb3751e1071\">Baixar<\/a><\/div>\n\n\n\n<div data-wp-interactive=\"core\/file\" class=\"wp-block-file\"><object data-wp-bind--hidden=\"!state.hasPdfPreview\" hidden class=\"wp-block-file__embed\" data=\"https:\/\/proad.ufpr.br\/centran\/files\/2025\/12\/itinerario-intermed.pdf\" type=\"application\/pdf\" style=\"width:100%;height:600px\" aria-label=\"Incorporado de itiner\u00e1rio intermed.\"><\/object><a id=\"wp-block-file--media-a9baf25d-f064-49be-ab01-56cf3d52ca60\" href=\"https:\/\/proad.ufpr.br\/centran\/files\/2025\/12\/itinerario-intermed.pdf\">itiner\u00e1rio intermed<\/a><a href=\"https:\/\/proad.ufpr.br\/centran\/files\/2025\/12\/itinerario-intermed.pdf\" class=\"wp-block-file__button wp-element-button\" download aria-describedby=\"wp-block-file--media-a9baf25d-f064-49be-ab01-56cf3d52ca60\">Baixar<\/a><\/div>\n","protected":false},"excerpt":{"rendered":"<p>A Central de Transportes disponibiliza, desde 2008, o servi\u00e7o de transporte aos alunos que necessitam se deslocar entre os campi da universidade para acompanhamento de aulas e outras atividades. O servi\u00e7o conta com quatro linhas al\u00e9m de mais um ve\u00edculo extra para os hor\u00e1rios de maior movimento. Linhas I, II e IV circulam de segunda [&hellip;]<\/p>\n","protected":false},"author":3,"featured_media":0,"parent":2,"menu_order":0,"comment_status":"closed","ping_status":"closed","template":"","meta":{"ngg_post_thumbnail":0,"footnotes":""},"class_list":["post-38","page","type-page","status-publish","hentry"],"_links":{"self":[{"href":"https:\/\/proad.ufpr.br\/centran\/wp-json\/wp\/v2\/pages\/38","targetHints":{"allow":["GET"]}}],"collection":[{"href":"https:\/\/proad.ufpr.br\/centran\/wp-json\/wp\/v2\/pages"}],"about":[{"href":"https:\/\/proad.ufpr.br\/centran\/wp-json\/wp\/v2\/types\/page"}],"author":[{"embeddable":true,"href":"https:\/\/proad.ufpr.br\/centran\/wp-json\/wp\/v2\/users\/3"}],"replies":[{"embeddable":true,"href":"https:\/\/proad.ufpr.br\/centran\/wp-json\/wp\/v2\/comments?post=38"}],"version-history":[{"count":74,"href":"https:\/\/proad.ufpr.br\/centran\/wp-json\/wp\/v2\/pages\/38\/revisions"}],"predecessor-version":[{"id":1271,"href":"https:\/\/proad.ufpr.br\/centran\/wp-json\/wp\/v2\/pages\/38\/revisions\/1271"}],"up":[{"embeddable":true,"href":"https:\/\/proad.ufpr.br\/centran\/wp-json\/wp\/v2\/pages\/2"}],"wp:attachment":[{"href":"https:\/\/proad.ufpr.br\/centran\/wp-json\/wp\/v2\/media?parent=38"}],"curies":[{"name":"wp","href":"https:\/\/api.w.org\/{rel}","templated":true}]}}