{"id":2,"date":"2011-02-21T20:24:35","date_gmt":"2011-02-21T20:24:35","guid":{"rendered":"https:\/\/proad.ufpr.br\/centran\/?page_id=2"},"modified":"2018-03-09T09:55:25","modified_gmt":"2018-03-09T12:55:25","slug":"sobre","status":"publish","type":"page","link":"https:\/\/proad.ufpr.br\/centran\/sobre\/","title":{"rendered":"Sobre a Centran"},"content":{"rendered":"<p style=\"text-align: justify\">A\u00a0Central de Transportes\u00a0&#8211; CENTRAN, unidade subordinada \u00e0 Pr\u00f3-Reitoria de Administra\u00e7\u00e3o, \u00e9 respons\u00e1vel pelo gerenciamento da frota de ve\u00edculos pertencentes \u00e0 UFPR, bem como seus abastecimentos, manuten\u00e7\u00f5es e gest\u00e3o documental.<\/p>\n<p>Nossa sede administrativa, localizada no\u00a0Campus Agr\u00e1rias da UFPR, gerencia aproximadamente 180 ve\u00edculos entre carros, \u00f4nibus, caminh\u00f5es, vans e at\u00e9 mesmo embarca\u00e7\u00f5es distribu\u00eddos entre os diversos Campi da UFPR entre a Capital e o interior do estado. Contamos com escrit\u00f3rios descentralizados em Palotina, Jandaia, Toledo, Matinhos e Pontal do Paran\u00e1.<\/p>\n<p style=\"text-align: justify\">A disponibiliza\u00e7\u00e3o dos ve\u00edculos \u00e0s unidades\/setores da UFPR \u00e9 regida pela Resolu\u00e7\u00e3o n\u00ba 28\/20019 COPLAD e devem ser solicitadas pelo SICONF.<\/p>\n<p style=\"text-align: justify\">Algumas unidades possuem ve\u00edculos pr\u00f3prios, adquiridos com verbas de pesquisas ou com recursos das pr\u00f3prias unidades, para esses casos, a CENTRAN oferece suporte as rotinas de documenta\u00e7\u00e3o, manuten\u00e7\u00f5es e abastecimentos.<\/p>\n","protected":false},"excerpt":{"rendered":"<p>A\u00a0Central de Transportes\u00a0&#8211; CENTRAN, unidade subordinada \u00e0 Pr\u00f3-Reitoria de Administra\u00e7\u00e3o, \u00e9 respons\u00e1vel pelo gerenciamento da frota de ve\u00edculos pertencentes \u00e0 UFPR, bem como seus abastecimentos, manuten\u00e7\u00f5es e gest\u00e3o documental. Nossa sede administrativa, localizada no\u00a0Campus Agr\u00e1rias da UFPR, gerencia aproximadamente 180 ve\u00edculos entre carros, \u00f4nibus, caminh\u00f5es, vans e at\u00e9 mesmo embarca\u00e7\u00f5es distribu\u00eddos entre os diversos Campi [&hellip;]<\/p>\n","protected":false},"author":3,"featured_media":0,"parent":0,"menu_order":0,"comment_status":"closed","ping_status":"closed","template":"","meta":{"ngg_post_thumbnail":0,"footnotes":""},"class_list":["post-2","page","type-page","status-publish","hentry"],"_links":{"self":[{"href":"https:\/\/proad.ufpr.br\/centran\/wp-json\/wp\/v2\/pages\/2","targetHints":{"allow":["GET"]}}],"collection":[{"href":"https:\/\/proad.ufpr.br\/centran\/wp-json\/wp\/v2\/pages"}],"about":[{"href":"https:\/\/proad.ufpr.br\/centran\/wp-json\/wp\/v2\/types\/page"}],"author":[{"embeddable":true,"href":"https:\/\/proad.ufpr.br\/centran\/wp-json\/wp\/v2\/users\/3"}],"replies":[{"embeddable":true,"href":"https:\/\/proad.ufpr.br\/centran\/wp-json\/wp\/v2\/comments?post=2"}],"version-history":[{"count":15,"href":"https:\/\/proad.ufpr.br\/centran\/wp-json\/wp\/v2\/pages\/2\/revisions"}],"predecessor-version":[{"id":591,"href":"https:\/\/proad.ufpr.br\/centran\/wp-json\/wp\/v2\/pages\/2\/revisions\/591"}],"wp:attachment":[{"href":"https:\/\/proad.ufpr.br\/centran\/wp-json\/wp\/v2\/media?parent=2"}],"curies":[{"name":"wp","href":"https:\/\/api.w.org\/{rel}","templated":true}]}}