{"id":18,"date":"2011-02-23T09:59:03","date_gmt":"2011-02-23T12:59:03","guid":{"rendered":"https:\/\/proad.ufpr.br\/centran\/"},"modified":"2018-03-09T11:10:38","modified_gmt":"2018-03-09T14:10:38","slug":"manutencoes","status":"publish","type":"page","link":"https:\/\/proad.ufpr.br\/centran\/sobre\/manutencoes\/","title":{"rendered":"Manuten\u00e7\u00f5es"},"content":{"rendered":"<p style=\"text-align: justify\">A manuten\u00e7\u00e3o dos ve\u00edculos atualmente s\u00e3o efetuadas com aux\u00edlio de empresa contratada (Ticket Car) gestora da rede credenciada de oficinas. Os ve\u00edculos s\u00e3o encaminhados as oficinas credenciadas e pagamento feito atrav\u00e9s de cart\u00e3o Ticket Car via sistema.<\/p>\n<p style=\"text-align: justify\">A CENTRAN conta com uma equipe de servidores especializados para\u00a0fiscalizar os servi\u00e7os feitos pelas oficinas credenciadas\u00a0pela Ticket Car, mantendo contato direto por meio de\u00a0visitas peri\u00f3dicas \u00e0s oficinas, controle de garantia dos servi\u00e7os realizados e compara\u00e7\u00e3o de pre\u00e7os.<\/p>\n","protected":false},"excerpt":{"rendered":"<p>A manuten\u00e7\u00e3o dos ve\u00edculos atualmente s\u00e3o efetuadas com aux\u00edlio de empresa contratada (Ticket Car) gestora da rede credenciada de oficinas. Os ve\u00edculos s\u00e3o encaminhados as oficinas credenciadas e pagamento feito atrav\u00e9s de cart\u00e3o Ticket Car via sistema. A CENTRAN conta com uma equipe de servidores especializados para\u00a0fiscalizar os servi\u00e7os feitos pelas oficinas credenciadas\u00a0pela Ticket Car, [&hellip;]<\/p>\n","protected":false},"author":3,"featured_media":0,"parent":2,"menu_order":0,"comment_status":"closed","ping_status":"closed","template":"","meta":{"ngg_post_thumbnail":0,"footnotes":""},"class_list":["post-18","page","type-page","status-publish","hentry"],"_links":{"self":[{"href":"https:\/\/proad.ufpr.br\/centran\/wp-json\/wp\/v2\/pages\/18","targetHints":{"allow":["GET"]}}],"collection":[{"href":"https:\/\/proad.ufpr.br\/centran\/wp-json\/wp\/v2\/pages"}],"about":[{"href":"https:\/\/proad.ufpr.br\/centran\/wp-json\/wp\/v2\/types\/page"}],"author":[{"embeddable":true,"href":"https:\/\/proad.ufpr.br\/centran\/wp-json\/wp\/v2\/users\/3"}],"replies":[{"embeddable":true,"href":"https:\/\/proad.ufpr.br\/centran\/wp-json\/wp\/v2\/comments?post=18"}],"version-history":[{"count":13,"href":"https:\/\/proad.ufpr.br\/centran\/wp-json\/wp\/v2\/pages\/18\/revisions"}],"predecessor-version":[{"id":606,"href":"https:\/\/proad.ufpr.br\/centran\/wp-json\/wp\/v2\/pages\/18\/revisions\/606"}],"up":[{"embeddable":true,"href":"https:\/\/proad.ufpr.br\/centran\/wp-json\/wp\/v2\/pages\/2"}],"wp:attachment":[{"href":"https:\/\/proad.ufpr.br\/centran\/wp-json\/wp\/v2\/media?parent=18"}],"curies":[{"name":"wp","href":"https:\/\/api.w.org\/{rel}","templated":true}]}}