{"id":96,"date":"2017-08-17T16:24:27","date_gmt":"2017-08-17T19:24:27","guid":{"rendered":"https:\/\/proad.ufpr.br\/almoxarifado\/?page_id=96"},"modified":"2024-04-04T08:33:40","modified_gmt":"2024-04-04T11:33:40","slug":"acessibilidade","status":"publish","type":"page","link":"https:\/\/proad.ufpr.br\/almoxarifado\/acessibilidade\/","title":{"rendered":"Acessibilidade"},"content":{"rendered":"<p>Este s\u00edtio \u201c<strong>Almoxarifados UFPR<\/strong>\u201d segue o modelo de identidade digital padr\u00e3o do governo federal, que atende \u00e0s principais recomenda\u00e7\u00f5es de acessibilidade indicadas para web<\/p>\n<hr \/>\n<p>O termo acessibilidade significa incluir a pessoa com defici\u00eancia na participa\u00e7\u00e3o de atividades como o uso de produtos, servi\u00e7os e informa\u00e7\u00f5es. Alguns exemplos s\u00e3o os pr\u00e9dios com rampas de acesso para cadeira de rodas e banheiros adaptados para deficientes.<br \/>\nNa internet, acessibilidade refere-se principalmente \u00e0s recomenda\u00e7\u00f5es do WCAG (World Content Accessibility Guide) do W3C e no caso do Governo Brasileiro ao e-MAG (Modelo de Acessibilidade em Governo Eletr\u00f4nico). O e-MAG est\u00e1 alinhado as recomenda\u00e7\u00f5es internacionais, mas estabelece padr\u00f5es de comportamento acess\u00edvel para sites governamentais.<\/p>\n<p>Na parte superior do Portal Brasil existe uma barra de acessibilidade onde se encontra atalhos de navega\u00e7\u00e3o padronizados e a op\u00e7\u00e3o para alterar o contraste. Essas ferramentas est\u00e3o dispon\u00edveis em todas as p\u00e1ginas do portal.<\/p>\n<p><strong>Os padr\u00f5es de atalhos do governo federal s\u00e3o:<\/strong><\/p>\n<p>Teclando-se Alt + 1 em qualquer p\u00e1gina do portal, chega-se diretamente ao come\u00e7o do conte\u00fado principal da p\u00e1gina.<\/p>\n<p>Teclando-se Alt + 2 em qualquer p\u00e1gina do portal, chega-se diretamente ao in\u00edcio do menu principal.<\/p>\n<p>Teclando-se Alt + 3 em qualquer p\u00e1gina do portal, chega-se diretamente em sua busca interna.<\/p>\n<p>Teclando-se Alt + 4 em qualquer p\u00e1gina do portal, chega-se diretamente as colunas de links e rodap\u00e9 da p\u00e1gina.<\/p>\n<p>No caso do Firefox, em vez de Alt + n\u00famero, tecle simultaneamente Alt + Shift + n\u00famero.<\/p>\n<p>Sendo Firefox no Mac OS, em vez de Alt + Shift + n\u00famero, tecle simultaneamente Ctrl + Alt + n\u00famero.<\/p>\n<p>No Opera, as teclas s\u00e3o Shift + Escape + n\u00famero. Ao teclar apenas Shift + Escape, o usu\u00e1rio encontrar\u00e1 uma janela com todas as alternativas de ACCESSKEY da p\u00e1gina.<\/p>\n<p>Ao final desse texto, voc\u00ea poder\u00e1 baixar alguns arquivos que explicam melhor o termo acessibilidade e como deve ser implementado nos sites da Internet.<\/p>\n<p>Leis e decretos sobre acessibilidade:<\/p>\n<ul>\n<li>Decreto n\u00ba 5.296 de 02 de dezembro de 2004 (<a href=\"http:\/\/www.planalto.gov.br\/ccivil_03\/_Ato2004-2006\/2004\/Decreto\/D5296.htm\">http:\/\/www.planalto.gov.br\/ccivil_03\/_Ato2004-2006\/2004\/Decreto\/D5296.htm<\/a>).<\/li>\n<li>Decreto n\u00ba 6.949, de 25 de agosto de 2009 \u2013 Promulga a Conven\u00e7\u00e3o Internacional sobre os Direitos das Pessoas com Defici\u00eancia e seu Protocolo Facultativo, assinados em Nova York, em 30 de mar\u00e7o de 2007 (<a href=\"http:\/\/www.planalto.gov.br\/ccivil_03\/_ato2007-2010\/2009\/decreto\/d6949.htm\">http:\/\/www.planalto.gov.br\/ccivil_03\/_ato2007-2010\/2009\/decreto\/d6949.htm<\/a>).<\/li>\n<li>Decreto n\u00ba 7.724, de 16 de Maio de 2012 \u2013 Regulamenta a Lei No 12.527, que disp\u00f5e sobre o acesso a informa\u00e7\u00f5es (<a href=\"http:\/\/www.planalto.gov.br\/ccivil_03\/_ato2011-2014\/2012\/Decreto\/D7724.htm\">http:\/\/www.planalto.gov.br\/ccivil_03\/_ato2011-2014\/2012\/Decreto\/D7724.htm<\/a>).<\/li>\n<li>Modelo de Acessibilidade de Governo Eletr\u00f4nico (<a href=\"http:\/\/www.governoeletronico.gov.br\/acoes-e-projetos\/e-MAG\">http:\/\/www.governoeletronico.gov.br\/acoes-e-projetos\/e-MAG<\/a>).<\/li>\n<li>Portaria n\u00ba 03, de 07 de Maio de 2007 \u2013 formato .pdf (35,5Kb) \u2013 Institucionaliza o Modelo de Acessibilidade em Governo Eletr\u00f4nico \u2013 e-MAG (<a href=\"http:\/\/www.governoeletronico.gov.br\/biblioteca\/arquivos\/portaria-no-03-de-07-05-2007\">http:\/\/www.governoeletronico.gov.br\/biblioteca\/arquivos\/portaria-no-03-de-07-05-2007<\/a>).<\/li>\n<\/ul>\n<p>Ajude-nos a disponibilizar um site cada vez mais acess\u00edvel.<br \/>\nCaso encontre algum problema de acessibilidade, ou tenha sugest\u00e3o de melhoria, entre em contato pelo e-mail:\u00a0webdesign@ufpr.br<\/p>\n","protected":false},"excerpt":{"rendered":"<p>Este s\u00edtio \u201cAlmoxarifados UFPR\u201d segue o modelo de identidade digital padr\u00e3o do governo federal, que atende \u00e0s principais recomenda\u00e7\u00f5es de acessibilidade indicadas para web O termo acessibilidade significa incluir a pessoa com defici\u00eancia na participa\u00e7\u00e3o de atividades como o uso de produtos, servi\u00e7os e informa\u00e7\u00f5es. Alguns exemplos s\u00e3o os pr\u00e9dios com rampas de acesso para [&hellip;]<\/p>\n","protected":false},"author":1759,"featured_media":0,"parent":0,"menu_order":0,"comment_status":"closed","ping_status":"closed","template":"page-catalogo.php","meta":{"footnotes":""},"class_list":["post-96","page","type-page","status-publish","hentry"],"_links":{"self":[{"href":"https:\/\/proad.ufpr.br\/almoxarifado\/wp-json\/wp\/v2\/pages\/96","targetHints":{"allow":["GET"]}}],"collection":[{"href":"https:\/\/proad.ufpr.br\/almoxarifado\/wp-json\/wp\/v2\/pages"}],"about":[{"href":"https:\/\/proad.ufpr.br\/almoxarifado\/wp-json\/wp\/v2\/types\/page"}],"author":[{"embeddable":true,"href":"https:\/\/proad.ufpr.br\/almoxarifado\/wp-json\/wp\/v2\/users\/1759"}],"replies":[{"embeddable":true,"href":"https:\/\/proad.ufpr.br\/almoxarifado\/wp-json\/wp\/v2\/comments?post=96"}],"version-history":[{"count":3,"href":"https:\/\/proad.ufpr.br\/almoxarifado\/wp-json\/wp\/v2\/pages\/96\/revisions"}],"predecessor-version":[{"id":2567,"href":"https:\/\/proad.ufpr.br\/almoxarifado\/wp-json\/wp\/v2\/pages\/96\/revisions\/2567"}],"wp:attachment":[{"href":"https:\/\/proad.ufpr.br\/almoxarifado\/wp-json\/wp\/v2\/media?parent=96"}],"curies":[{"name":"wp","href":"https:\/\/api.w.org\/{rel}","templated":true}]}}

<p>Este sítio “<strong>Almoxarifados UFPR</strong>” segue o modelo de identidade digital padrão do governo federal, que atende às principais recomendações de acessibilidade indicadas para web</p>
<hr />
<p>O termo acessibilidade significa incluir a pessoa com deficiência na participação de atividades como o uso de produtos, serviços e informações. Alguns exemplos são os prédios com rampas de acesso para cadeira de rodas e banheiros adaptados para deficientes.<br />
Na internet, acessibilidade refere-se principalmente às recomendações do WCAG (World Content Accessibility Guide) do W3C e no caso do Governo Brasileiro ao e-MAG (Modelo de Acessibilidade em Governo Eletrônico). O e-MAG está alinhado as recomendações internacionais, mas estabelece padrões de comportamento acessível para sites governamentais.</p>
<p>Na parte superior do Portal Brasil existe uma barra de acessibilidade onde se encontra atalhos de navegação padronizados e a opção para alterar o contraste. Essas ferramentas estão disponíveis em todas as páginas do portal.</p>
<p><strong>Os padrões de atalhos do governo federal são:</strong></p>
<p>Teclando-se Alt + 1 em qualquer página do portal, chega-se diretamente ao começo do conteúdo principal da página.</p>
<p>Teclando-se Alt + 2 em qualquer página do portal, chega-se diretamente ao início do menu principal.</p>
<p>Teclando-se Alt + 3 em qualquer página do portal, chega-se diretamente em sua busca interna.</p>
<p>Teclando-se Alt + 4 em qualquer página do portal, chega-se diretamente as colunas de links e rodapé da página.</p>
<p>No caso do Firefox, em vez de Alt + número, tecle simultaneamente Alt + Shift + número.</p>
<p>Sendo Firefox no Mac OS, em vez de Alt + Shift + número, tecle simultaneamente Ctrl + Alt + número.</p>
<p>No Opera, as teclas são Shift + Escape + número. Ao teclar apenas Shift + Escape, o usuário encontrará uma janela com todas as alternativas de ACCESSKEY da página.</p>
<p>Ao final desse texto, você poderá baixar alguns arquivos que explicam melhor o termo acessibilidade e como deve ser implementado nos sites da Internet.</p>
<p>Leis e decretos sobre acessibilidade:</p>
<ul>
<li>Decreto nº 5.296 de 02 de dezembro de 2004 (<a href="http://www.planalto.gov.br/ccivil_03/_Ato2004-2006/2004/Decreto/D5296.htm">http://www.planalto.gov.br/ccivil_03/_Ato2004-2006/2004/Decreto/D5296.htm</a>).</li>
<li>Decreto nº 6.949, de 25 de agosto de 2009 – Promulga a Convenção Internacional sobre os Direitos das Pessoas com Deficiência e seu Protocolo Facultativo, assinados em Nova York, em 30 de março de 2007 (<a href="http://www.planalto.gov.br/ccivil_03/_ato2007-2010/2009/decreto/d6949.htm">http://www.planalto.gov.br/ccivil_03/_ato2007-2010/2009/decreto/d6949.htm</a>).</li>
<li>Decreto nº 7.724, de 16 de Maio de 2012 – Regulamenta a Lei No 12.527, que dispõe sobre o acesso a informações (<a href="http://www.planalto.gov.br/ccivil_03/_ato2011-2014/2012/Decreto/D7724.htm">http://www.planalto.gov.br/ccivil_03/_ato2011-2014/2012/Decreto/D7724.htm</a>).</li>
<li>Modelo de Acessibilidade de Governo Eletrônico (<a href="http://www.governoeletronico.gov.br/acoes-e-projetos/e-MAG">http://www.governoeletronico.gov.br/acoes-e-projetos/e-MAG</a>).</li>
<li>Portaria nº 03, de 07 de Maio de 2007 – formato .pdf (35,5Kb) – Institucionaliza o Modelo de Acessibilidade em Governo Eletrônico – e-MAG (<a href="http://www.governoeletronico.gov.br/biblioteca/arquivos/portaria-no-03-de-07-05-2007">http://www.governoeletronico.gov.br/biblioteca/arquivos/portaria-no-03-de-07-05-2007</a>).</li>
</ul>
<p>Ajude-nos a disponibilizar um site cada vez mais acessível.<br />
Caso encontre algum problema de acessibilidade, ou tenha sugestão de melhoria, entre em contato pelo e-mail: webdesign@ufpr.br</p>

<p>Este sítio “Almoxarifados UFPR” segue o modelo de identidade digital padrão do governo federal, que atende às principais recomendações de acessibilidade indicadas para web O termo acessibilidade significa incluir a pessoa com deficiência na participação de atividades como o uso de produtos, serviços e informações. Alguns exemplos são os prédios com rampas de acesso para [&hellip;]</p>
