{"id":53,"date":"2017-08-17T15:46:04","date_gmt":"2017-08-17T18:46:04","guid":{"rendered":"https:\/\/proad.ufpr.br\/almoxarifado\/?page_id=53"},"modified":"2025-05-30T10:39:18","modified_gmt":"2025-05-30T13:39:18","slug":"inventario-rotativo-e-anual","status":"publish","type":"page","link":"https:\/\/proad.ufpr.br\/almoxarifado\/inventario-rotativo-e-anual\/","title":{"rendered":"Invent\u00e1rio Mensal e Anual"},"content":{"rendered":"<p><b>RELAT\u00d3RIO MENSAL DE MOVIMENTA\u00c7\u00c3O DE ALMOXARIFADO (RMA)<\/b><\/p>\n<p><em>A partir de 01\/01\/2019 cada unidade or\u00e7ament\u00e1ria est\u00e1 respons\u00e1vel pela emiss\u00e3o de Relat\u00f3rio Mensal de Movimenta\u00e7\u00e3o de Material de Consumo (RMA) ao Departamento de Contabilidade (DCF), conforme orienta\u00e7\u00e3o do\u00a0Memorando-Circular Conjunto n. 001\/2017 DCF\/Proplan e Delog\/PRA.<\/em><\/p>\n<p>O <strong>Relat\u00f3rio\u00a0 Mensal de Movimenta\u00e7\u00e3o de Almoxarifado <\/strong>(RMA) deve ser realizado pelas unidades or\u00e7ament\u00e1rias que fazem aquisi\u00e7\u00e3o de material de consumo. Devem ser registrados os bens de consumo (3390.30.xx) transferidos a partir do Almoxarifado Central e todos aqueles adquiridos diretamente pela unidade or\u00e7ament\u00e1ria (preg\u00e3o, carona, doa\u00e7\u00e3o etc).<\/p>\n<p>Acesse os POP&#8217;s de <a href=\"https:\/\/drive.google.com\/drive\/u\/1\/folders\/1ZkiE2L-3Qb8qQW_14xPNfgWa5WTuhAQi\">Fechamento Mensal<\/a> e de <a href=\"https:\/\/drive.google.com\/drive\/u\/1\/folders\/1ZkiE2L-3Qb8qQW_14xPNfgWa5WTuhAQi\">RMA<\/a>.<\/p>\n<p><strong>OS RELAT\u00d3RIOS MENSAIS (RMA&#8217;s) DEVEM SER ENTREGUES AT\u00c9 O SEGUNDO DIA \u00daTIL DO M\u00caS SUBSEQUENTE.<\/strong><\/p>\n<p><strong>Orienta\u00e7\u00f5es:<\/strong><\/p>\n<p><b>a)<\/b> Abrir processo no SEI na categoria arquiv\u00edstica: <b>Contabilidade: Relat\u00f3rio Mensal de Almoxarifado &#8211; RMA.<\/b><\/p>\n<p><b>b)<\/b>\u00a0Tramitar mensalmente at\u00e9 segundo dia \u00fatil o processo no sistema SEI para<b> UFPR\/R\/PROAD\/CCONT\/SAP<\/b> \u2013 (Se\u00e7\u00e3o de Acompanhamento Patrimonial).<\/p>\n<p><b>c)<\/b>\u00a0Todos os processos de RMA do ano vigente, por UGR, devem estar relacionados, tendo em vista a Tomada de Contas em dezembro a partir dessas informa\u00e7\u00f5es.<\/p>\n<hr \/>\n<p><span style=\"color: #000080\"><strong>INVENT\u00c1RIO ANUAL\u00a0 DE MATERIAL DE CONSUMO &#8211; TOMADA DE CONTAS\u00a0<\/strong><\/span><\/p>\n<p>No Sistema SEI ao abrir novo processo escolher:\u00a0<strong>Contabilidade: Tomada de Contas Almoxarifado<\/strong><\/p>\n<p>O Invent\u00e1rio Anual de Material de Consumo por unidade or\u00e7ament\u00e1ria da UFPR ser\u00e1 realizado em dezembro de cada ano or\u00e7ament\u00e1rio.<\/p>\n<p>Memorandos anuais com orienta\u00e7\u00f5es sobre os processos do invent\u00e1rio anual dos almoxarifados ser\u00e3o emitidos e encaminhados \u00e0s unidades or\u00e7ament\u00e1rias previstas em ato or\u00e7ament\u00e1rio.<\/p>\n<p>Processos para nomea\u00e7\u00e3o de Comiss\u00e3o de Tomada de Contas Anual ser\u00e3o abertos anualmente pela USUP e encaminhados \u00e0s Unidades Or\u00e7ament\u00e1rias para emiss\u00e3o de Portaria.<\/p>\n\n\n<p><\/p>\n","protected":false},"excerpt":{"rendered":"<p>RELAT\u00d3RIO MENSAL DE MOVIMENTA\u00c7\u00c3O DE ALMOXARIFADO (RMA) A partir de 01\/01\/2019 cada unidade or\u00e7ament\u00e1ria est\u00e1 respons\u00e1vel pela emiss\u00e3o de Relat\u00f3rio Mensal de Movimenta\u00e7\u00e3o de Material de Consumo (RMA) ao Departamento de Contabilidade (DCF), conforme orienta\u00e7\u00e3o do\u00a0Memorando-Circular Conjunto n. 001\/2017 DCF\/Proplan e Delog\/PRA. O Relat\u00f3rio\u00a0 Mensal de Movimenta\u00e7\u00e3o de Almoxarifado (RMA) deve ser realizado pelas unidades [&hellip;]<\/p>\n","protected":false},"author":1759,"featured_media":0,"parent":0,"menu_order":0,"comment_status":"closed","ping_status":"closed","template":"page-catalogo.php","meta":{"footnotes":""},"class_list":["post-53","page","type-page","status-publish","hentry"],"_links":{"self":[{"href":"https:\/\/proad.ufpr.br\/almoxarifado\/wp-json\/wp\/v2\/pages\/53","targetHints":{"allow":["GET"]}}],"collection":[{"href":"https:\/\/proad.ufpr.br\/almoxarifado\/wp-json\/wp\/v2\/pages"}],"about":[{"href":"https:\/\/proad.ufpr.br\/almoxarifado\/wp-json\/wp\/v2\/types\/page"}],"author":[{"embeddable":true,"href":"https:\/\/proad.ufpr.br\/almoxarifado\/wp-json\/wp\/v2\/users\/1759"}],"replies":[{"embeddable":true,"href":"https:\/\/proad.ufpr.br\/almoxarifado\/wp-json\/wp\/v2\/comments?post=53"}],"version-history":[{"count":143,"href":"https:\/\/proad.ufpr.br\/almoxarifado\/wp-json\/wp\/v2\/pages\/53\/revisions"}],"predecessor-version":[{"id":2775,"href":"https:\/\/proad.ufpr.br\/almoxarifado\/wp-json\/wp\/v2\/pages\/53\/revisions\/2775"}],"wp:attachment":[{"href":"https:\/\/proad.ufpr.br\/almoxarifado\/wp-json\/wp\/v2\/media?parent=53"}],"curies":[{"name":"wp","href":"https:\/\/api.w.org\/{rel}","templated":true}]}}

Inventário Mensal e Anual

<p><b>RELATÓRIO MENSAL DE MOVIMENTAÇÃO DE ALMOXARIFADO (RMA)</b></p>
<p><em>A partir de 01/01/2019 cada unidade orçamentária está responsável pela emissão de Relatório Mensal de Movimentação de Material de Consumo (RMA) ao Departamento de Contabilidade (DCF), conforme orientação do Memorando-Circular Conjunto n. 001/2017 DCF/Proplan e Delog/PRA.</em></p>
<p>O <strong>Relatório  Mensal de Movimentação de Almoxarifado </strong>(RMA) deve ser realizado pelas unidades orçamentárias que fazem aquisição de material de consumo. Devem ser registrados os bens de consumo (3390.30.xx) transferidos a partir do Almoxarifado Central e todos aqueles adquiridos diretamente pela unidade orçamentária (pregão, carona, doação etc).</p>
<p>Acesse os POP&#8217;s de <a href="https://drive.google.com/drive/u/1/folders/1ZkiE2L-3Qb8qQW_14xPNfgWa5WTuhAQi">Fechamento Mensal</a> e de <a href="https://drive.google.com/drive/u/1/folders/1ZkiE2L-3Qb8qQW_14xPNfgWa5WTuhAQi">RMA</a>.</p>
<p><strong>OS RELATÓRIOS MENSAIS (RMA&#8217;s) DEVEM SER ENTREGUES ATÉ O SEGUNDO DIA ÚTIL DO MÊS SUBSEQUENTE.</strong></p>
<p><strong>Orientações:</strong></p>
<p><b>a)</b> Abrir processo no SEI na categoria arquivística: <b>Contabilidade: Relatório Mensal de Almoxarifado &#8211; RMA.</b></p>
<p><b>b)</b> Tramitar mensalmente até segundo dia útil o processo no sistema SEI para<b> UFPR/R/PROAD/CCONT/SAP</b> – (Seção de Acompanhamento Patrimonial).</p>
<p><b>c)</b> Todos os processos de RMA do ano vigente, por UGR, devem estar relacionados, tendo em vista a Tomada de Contas em dezembro a partir dessas informações.</p>
<hr />
<p><span style="color: #000080"><strong>INVENTÁRIO ANUAL  DE MATERIAL DE CONSUMO &#8211; TOMADA DE CONTAS </strong></span></p>
<p>No Sistema SEI ao abrir novo processo escolher: <strong>Contabilidade: Tomada de Contas Almoxarifado</strong></p>
<p>O Inventário Anual de Material de Consumo por unidade orçamentária da UFPR será realizado em dezembro de cada ano orçamentário.</p>
<p>Memorandos anuais com orientações sobre os processos do inventário anual dos almoxarifados serão emitidos e encaminhados às unidades orçamentárias previstas em ato orçamentário.</p>
<p>Processos para nomeação de Comissão de Tomada de Contas Anual serão abertos anualmente pela USUP e encaminhados às Unidades Orçamentárias para emissão de Portaria.</p>


<p></p>

<p>RELATÓRIO MENSAL DE MOVIMENTAÇÃO DE ALMOXARIFADO (RMA) A partir de 01/01/2019 cada unidade orçamentária está responsável pela emissão de Relatório Mensal de Movimentação de Material de Consumo (RMA) ao Departamento de Contabilidade (DCF), conforme orientação do Memorando-Circular Conjunto n. 001/2017 DCF/Proplan e Delog/PRA. O Relatório  Mensal de Movimentação de Almoxarifado (RMA) deve ser realizado pelas unidades [&hellip;]</p>
